52.43.33.20 - - [21/Feb/2026:20:04:26 +0500] "GET /apps/side_menu/js/config HTTP/1.1" 200 274 "https://cloud.realtrade.uz/login" "Mozilla/5.0 (Macintosh; Intel Mac OS X 10_15_7) AppleWebKit/537.36 (KHTML, like Gecko) Chrome/145.0.7632.109 Safari/537.36"
52.43.33.20 - - [21/Feb/2026:20:04:30 +0500] "GET /login HTTP/1.1" 200 6763 "-" "Mozilla/5.0 (Linux; Android 8.0.0; SM-G965U Build/R16NW) AppleWebKit/537.36 (KHTML, like Gecko) Chrome/145.0.7632.109 Mobile Safari/537.36"
52.43.33.20 - - [21/Feb/2026:20:04:31 +0500] "GET /apps/theming/theme/light.css?plain=0&v=59ce39ca HTTP/1.1" 200 1462 "https://cloud.realtrade.uz/login" "Mozilla/5.0 (Linux; Android 8.0.0; SM-G965U Build/R16NW) AppleWebKit/537.36 (KHTML, like Gecko) Chrome/145.0.7632.109 Mobile Safari/537.36"
52.43.33.20 - - [21/Feb/2026:20:04:31 +0500] "GET /apps/theming/theme/dark.css?plain=0&v=59ce39ca HTTP/1.1" 200 1489 "https://cloud.realtrade.uz/login" "Mozilla/5.0 (Linux; Android 8.0.0; SM-G965U Build/R16NW) AppleWebKit/537.36 (KHTML, like Gecko) Chrome/145.0.7632.109 Mobile Safari/537.36"
52.43.33.20 - - [21/Feb/2026:20:04:31 +0500] "GET /apps/theming/theme/light.css?plain=1&v=59ce39ca HTTP/1.1" 200 1450 "https://cloud.realtrade.uz/login" "Mozilla/5.0 (Linux; Android 8.0.0; SM-G965U Build/R16NW) AppleWebKit/537.36 (KHTML, like Gecko) Chrome/145.0.7632.109 Mobile Safari/537.36"
52.43.33.20 - - [21/Feb/2026:20:04:31 +0500] "GET /apps/side_menu/css/stylesheet?v=0 HTTP/1.1" 200 325 "-" "Mozilla/5.0 (Linux; Android 8.0.0; SM-G965U Build/R16NW) AppleWebKit/537.36 (KHTML, like Gecko) Chrome/145.0.7632.109 Mobile Safari/537.36"
52.43.33.20 - - [21/Feb/2026:20:04:31 +0500] "GET /apps/theming/theme/light-highcontrast.css?plain=0&v=59ce39ca HTTP/1.1" 200 1489 "https://cloud.realtrade.uz/login" "Mozilla/5.0 (Linux; Android 8.0.0; SM-G965U Build/R16NW) AppleWebKit/537.36 (KHTML, like Gecko) Chrome/145.0.7632.109 Mobile Safari/537.36"
52.43.33.20 - - [21/Feb/2026:20:04:31 +0500] "GET /apps/theming/theme/default.css?plain=1&v=59ce39ca HTTP/1.1" 200 1450 "https://cloud.realtrade.uz/login" "Mozilla/5.0 (Linux; Android 8.0.0; SM-G965U Build/R16NW) AppleWebKit/537.36 (KHTML, like Gecko) Chrome/145.0.7632.109 Mobile Safari/537.36"
52.43.33.20 - - [21/Feb/2026:20:04:31 +0500] "GET /core/img/manifest.json HTTP/1.1" 200 209 "-" "Mozilla/5.0 (Linux; Android 8.0.0; SM-G965U Build/R16NW) AppleWebKit/537.36 (KHTML, like Gecko) Chrome/145.0.7632.109 Mobile Safari/537.36"
52.43.33.20 - - [21/Feb/2026:20:04:31 +0500] "GET /apps/theming/theme/dark-highcontrast.css?plain=0&v=59ce39ca HTTP/1.1" 200 1548 "https://cloud.realtrade.uz/login" "Mozilla/5.0 (Linux; Android 8.0.0; SM-G965U Build/R16NW) AppleWebKit/537.36 (KHTML, like Gecko) Chrome/145.0.7632.109 Mobile Safari/537.36"
52.43.33.20 - - [21/Feb/2026:20:04:31 +0500] "GET /apps/theming/theme/opendyslexic.css?plain=0&v=59ce39ca HTTP/1.1" 200 336 "https://cloud.realtrade.uz/login" "Mozilla/5.0 (Linux; Android 8.0.0; SM-G965U Build/R16NW) AppleWebKit/537.36 (KHTML, like Gecko) Chrome/145.0.7632.109 Mobile Safari/537.36"
52.43.33.20 - - [21/Feb/2026:20:04:31 +0500] "GET /apps/theming/theme/light-highcontrast.css?plain=1&v=59ce39ca HTTP/1.1" 200 1473 "https://cloud.realtrade.uz/login" "Mozilla/5.0 (Linux; Android 8.0.0; SM-G965U Build/R16NW) AppleWebKit/537.36 (KHTML, like Gecko) Chrome/145.0.7632.109 Mobile Safari/537.36"
52.43.33.20 - - [21/Feb/2026:20:04:31 +0500] "GET /apps/theming/theme/dark.css?plain=1&v=59ce39ca HTTP/1.1" 200 1477 "https://cloud.realtrade.uz/login" "Mozilla/5.0 (Linux; Android 8.0.0; SM-G965U Build/R16NW) AppleWebKit/537.36 (KHTML, like Gecko) Chrome/145.0.7632.109 Mobile Safari/537.36"
52.43.33.20 - - [21/Feb/2026:20:04:32 +0500] "GET /apps/theming/theme/dark-highcontrast.css?plain=1&v=59ce39ca HTTP/1.1" 200 1532 "https://cloud.realtrade.uz/login" "Mozilla/5.0 (Linux; Android 8.0.0; SM-G965U Build/R16NW) AppleWebKit/537.36 (KHTML, like Gecko) Chrome/145.0.7632.109 Mobile Safari/537.36"
52.43.33.20 - - [21/Feb/2026:20:04:33 +0500] "GET /apps/side_menu/nav/items HTTP/1.1" 200 32 "https://cloud.realtrade.uz/login" "Mozilla/5.0 (Linux; Android 8.0.0; SM-G965U Build/R16NW) AppleWebKit/537.36 (KHTML, like Gecko) Chrome/145.0.7632.109 Mobile Safari/537.36"
52.43.33.20 - - [21/Feb/2026:20:04:33 +0500] "GET /apps/side_menu/js/config HTTP/1.1" 200 274 "https://cloud.realtrade.uz/login" "Mozilla/5.0 (Linux; Android 8.0.0; SM-G965U Build/R16NW) AppleWebKit/537.36 (KHTML, like Gecko) Chrome/145.0.7632.109 Mobile Safari/537.36"
52.43.33.20 - - [21/Feb/2026:20:04:33 +0500] "GET /apps/theming/favicon?v=59ce39ca HTTP/1.1" 200 4054 "https://cloud.realtrade.uz/login" "Mozilla/5.0 (Linux; Android 8.0.0; SM-G965U Build/R16NW) AppleWebKit/537.36 (KHTML, like Gecko) Chrome/145.0.7632.109 Mobile Safari/537.36"
94.158.52.217 - - [21/Feb/2026:20:04:52 +0500] "GET /ocs/v2.php/apps/notifications/api/v2/notifications HTTP/1.1" 304 0 "-" "Mozilla/5.0 (Windows NT 10.0; Win64; x64; rv:148.0) Gecko/20100101 Firefox/148.0"
94.158.52.217 - - [21/Feb/2026:20:05:22 +0500] "GET /ocs/v2.php/apps/notifications/api/v2/notifications HTTP/1.1" 304 0 "-" "Mozilla/5.0 (Windows NT 10.0; Win64; x64; rv:148.0) Gecko/20100101 Firefox/148.0"
149.154.161.236 - - [21/Feb/2026:20:05:26 +0500] "GET / HTTP/1.1" 302 5 "-" "TelegramBot (like TwitterBot)"
149.154.161.236 - - [21/Feb/2026:20:05:26 +0500] "GET /login HTTP/1.1" 302 0 "-" "TelegramBot (like TwitterBot)"
94.158.52.217 - - [21/Feb/2026:20:05:52 +0500] "GET /ocs/v2.php/apps/notifications/api/v2/notifications HTTP/1.1" 304 0 "-" "Mozilla/5.0 (Windows NT 10.0; Win64; x64; rv:148.0) Gecko/20100101 Firefox/148.0"
94.158.52.217 - - [21/Feb/2026:20:06:22 +0500] "GET /ocs/v2.php/apps/notifications/api/v2/notifications HTTP/1.1" 304 0 "-" "Mozilla/5.0 (Windows NT 10.0; Win64; x64; rv:148.0) Gecko/20100101 Firefox/148.0"
94.158.52.217 - - [21/Feb/2026:20:06:52 +0500] "GET /ocs/v2.php/apps/notifications/api/v2/notifications HTTP/1.1" 304 0 "-" "Mozilla/5.0 (Windows NT 10.0; Win64; x64; rv:148.0) Gecko/20100101 Firefox/148.0"
94.158.52.217 - - [21/Feb/2026:20:07:22 +0500] "GET /ocs/v2.php/apps/notifications/api/v2/notifications HTTP/1.1" 304 0 "-" "Mozilla/5.0 (Windows NT 10.0; Win64; x64; rv:148.0) Gecko/20100101 Firefox/148.0"
94.158.52.217 - - [21/Feb/2026:20:07:52 +0500] "GET /ocs/v2.php/apps/notifications/api/v2/notifications HTTP/1.1" 304 0 "-" "Mozilla/5.0 (Windows NT 10.0; Win64; x64; rv:148.0) Gecko/20100101 Firefox/148.0"
94.158.52.217 - - [21/Feb/2026:20:08:22 +0500] "GET /ocs/v2.php/apps/notifications/api/v2/notifications HTTP/1.1" 304 0 "-" "Mozilla/5.0 (Windows NT 10.0; Win64; x64; rv:148.0) Gecko/20100101 Firefox/148.0"
94.158.52.217 - - [21/Feb/2026:20:08:48 +0500] "PUT /ocs/v2.php/apps/user_status/api/v1/heartbeat?format=json HTTP/1.1" 200 150 "-" "Mozilla/5.0 (Windows NT 10.0; Win64; x64; rv:148.0) Gecko/20100101 Firefox/148.0"
94.158.52.217 - - [21/Feb/2026:20:08:52 +0500] "GET /ocs/v2.php/apps/notifications/api/v2/notifications HTTP/1.1" 304 0 "-" "Mozilla/5.0 (Windows NT 10.0; Win64; x64; rv:148.0) Gecko/20100101 Firefox/148.0"
94.158.52.217 - - [21/Feb/2026:20:09:22 +0500] "GET /ocs/v2.php/apps/notifications/api/v2/notifications HTTP/1.1" 404 146 "-" "Mozilla/5.0 (Windows NT 10.0; Win64; x64; rv:148.0) Gecko/20100101 Firefox/148.0"
94.158.52.217 - - [21/Feb/2026:20:13:48 +0500] "PUT /ocs/v2.php/apps/user_status/api/v1/heartbeat?format=json HTTP/1.1" 404 146 "-" "Mozilla/5.0 (Windows NT 10.0; Win64; x64; rv:148.0) Gecko/20100101 Firefox/148.0"
94.158.52.217 - - [21/Feb/2026:20:19:22 +0500] "GET /ocs/v2.php/apps/notifications/api/v2/notifications HTTP/1.1" 404 146 "-" "Mozilla/5.0 (Windows NT 10.0; Win64; x64; rv:148.0) Gecko/20100101 Firefox/148.0"
23.178.112.219 - - [21/Feb/2026:20:19:47 +0500] "GET /.well-known/acme-challenge/ok_SJ4Kc6mUAgsRYnGudkZicfWPqlCLKNtHssm_S1do HTTP/1.1" 200 87 "-" "Mozilla/5.0 (compatible; Let's Encrypt validation server; +https://www.letsencrypt.org)"
16.171.241.157 - - [21/Feb/2026:20:19:48 +0500] "GET /.well-known/acme-challenge/ok_SJ4Kc6mUAgsRYnGudkZicfWPqlCLKNtHssm_S1do HTTP/1.1" 200 87 "-" "Mozilla/5.0 (compatible; Let's Encrypt validation server; +https://www.letsencrypt.org)"
3.16.91.227 - - [21/Feb/2026:20:19:48 +0500] "GET /.well-known/acme-challenge/ok_SJ4Kc6mUAgsRYnGudkZicfWPqlCLKNtHssm_S1do HTTP/1.1" 200 87 "-" "Mozilla/5.0 (compatible; Let's Encrypt validation server; +https://www.letsencrypt.org)"
44.250.35.188 - - [21/Feb/2026:20:19:48 +0500] "GET /.well-known/acme-challenge/ok_SJ4Kc6mUAgsRYnGudkZicfWPqlCLKNtHssm_S1do HTTP/1.1" 200 87 "-" "Mozilla/5.0 (compatible; Let's Encrypt validation server; +https://www.letsencrypt.org)"
54.169.208.153 - - [21/Feb/2026:20:19:48 +0500] "GET /.well-known/acme-challenge/ok_SJ4Kc6mUAgsRYnGudkZicfWPqlCLKNtHssm_S1do HTTP/1.1" 200 87 "-" "Mozilla/5.0 (compatible; Let's Encrypt validation server; +https://www.letsencrypt.org)"
195.123.244.84 - - [21/Feb/2026:20:21:04 +0500] "HEAD / HTTP/1.1" 302 0 "http://cloud.bigprom.uz" "Mozilla/5.0 (Macintosh; Intel Mac OS X 10.15; rv:121.0) Gecko/20100101 Firefox/121.0"
195.123.244.84 - - [21/Feb/2026:20:21:04 +0500] "HEAD /login HTTP/1.1" 200 0 "https://cloud.bigprom.uz/" "Mozilla/5.0 (Macintosh; Intel Mac OS X 10.15; rv:121.0) Gecko/20100101 Firefox/121.0"
195.123.244.84 - - [21/Feb/2026:20:21:04 +0500] "GET / HTTP/1.1" 302 5 "http://cloud.bigprom.uz" "Mozilla/5.0 (Windows NT 10.0; Win64; x64) AppleWebKit/537.36 (KHTML, like Gecko) Chrome/123.0.0.0 Safari/537.36"
195.123.244.84 - - [21/Feb/2026:20:21:05 +0500] "GET /login HTTP/1.1" 200 7621 "https://cloud.bigprom.uz/" "Mozilla/5.0 (Windows NT 10.0; Win64; x64) AppleWebKit/537.36 (KHTML, like Gecko) Chrome/123.0.0.0 Safari/537.36"
167.99.210.137 - - [21/Feb/2026:20:21:07 +0500] "LEAKIX" 400 150 "-" "-"
167.99.210.137 - - [21/Feb/2026:20:21:07 +0500] "GET / HTTP/1.1" 302 5 "-" "Mozilla/5.0 (l9scan/2.0.73e2739313e2830323e2838313; +https://leakix.net)"
167.99.210.137 - - [21/Feb/2026:20:21:08 +0500] "GET /server HTTP/1.1" 404 2045 "-" "Mozilla/5.0 (l9scan/2.0.73e2739313e2830323e2838313; +https://leakix.net)"
167.99.210.137 - - [21/Feb/2026:20:21:09 +0500] "GET /server-status HTTP/1.1" 404 2047 "-" "Mozilla/5.0 (l9scan/2.0.73e2739313e2830323e2838313; +https://leakix.net)"
167.99.210.137 - - [21/Feb/2026:20:21:11 +0500] "GET /about HTTP/1.1" 404 2048 "-" "Mozilla/5.0 (l9scan/2.0.73e2739313e2830323e2838313; +https://leakix.net)"
94.158.52.217 - - [21/Feb/2026:20:21:11 +0500] "PUT /ocs/v2.php/apps/user_status/api/v1/heartbeat?format=json HTTP/1.1" 404 146 "-" "Mozilla/5.0 (Windows NT 10.0; Win64; x64; rv:148.0) Gecko/20100101 Firefox/148.0"
94.158.52.217 - - [21/Feb/2026:20:21:12 +0500] "GET /settings/admin/overview HTTP/1.1" 404 146 "-" "Mozilla/5.0 (Windows NT 10.0; Win64; x64; rv:148.0) Gecko/20100101 Firefox/148.0"
167.99.210.137 - - [21/Feb/2026:20:21:12 +0500] "GET /login.action HTTP/1.1" 404 2046 "-" "Mozilla/5.0 (l9scan/2.0.73e2739313e2830323e2838313; +https://leakix.net)"
94.158.52.217 - - [21/Feb/2026:20:21:12 +0500] "GET /index.php/apps/files/preview-service-worker.js HTTP/1.1" 404 146 "-" "Mozilla/5.0 (Windows NT 10.0; Win64; x64; rv:148.0) Gecko/20100101 Firefox/148.0"
94.158.52.217 - - [21/Feb/2026:20:21:12 +0500] "GET /favicon.ico HTTP/1.1" 404 146 "-" "Mozilla/5.0 (Windows NT 10.0; Win64; x64; rv:148.0) Gecko/20100101 Firefox/148.0"
167.99.210.137 - - [21/Feb/2026:20:21:13 +0500] "GET /v2/_catalog HTTP/1.1" 404 31 "-" "Mozilla/5.0 (l9scan/2.0.73e2739313e2830323e2838313; +https://leakix.net)"
167.99.210.137 - - [21/Feb/2026:20:21:13 +0500] "GET /.DS_Store HTTP/1.1" 404 146 "-" "Mozilla/5.0 (l9scan/2.0.73e2739313e2830323e2838313; +https://leakix.net)"
94.158.52.217 - - [21/Feb/2026:20:21:13 +0500] "GET /index.php/apps/files/preview-service-worker.js HTTP/1.1" 404 146 "-" "Mozilla/5.0 (Windows NT 10.0; Win64; x64; rv:148.0) Gecko/20100101 Firefox/148.0"
167.99.210.137 - - [21/Feb/2026:20:21:14 +0500] "GET /.env HTTP/1.1" 404 146 "-" "Mozilla/5.0 (l9scan/2.0.73e2739313e2830323e2838313; +https://leakix.net)"
167.99.210.137 - - [21/Feb/2026:20:21:16 +0500] "GET /ecp/Current/exporttool/microsoft.exchange.ediscovery.exporttool.application HTTP/1.1" 404 2046 "-" "Mozilla/5.0 (l9scan/2.0.73e2739313e2830323e2838313; +https://leakix.net)"
94.158.52.217 - - [21/Feb/2026:20:21:18 +0500] "GET / HTTP/1.1" 404 146 "-" "Mozilla/5.0 (Windows NT 10.0; Win64; x64; rv:148.0) Gecko/20100101 Firefox/148.0"
167.99.210.137 - - [21/Feb/2026:20:21:18 +0500] "GET /.git/config HTTP/1.1" 404 146 "-" "Mozilla/5.0 (l9scan/2.0.73e2739313e2830323e2838313; +https://leakix.net)"
94.158.52.217 - - [21/Feb/2026:20:21:19 +0500] "GET /index.php/apps/files/preview-service-worker.js HTTP/1.1" 404 146 "-" "Mozilla/5.0 (Windows NT 10.0; Win64; x64; rv:148.0) Gecko/20100101 Firefox/148.0"
167.99.210.137 - - [21/Feb/2026:20:21:19 +0500] "POST /graphql HTTP/1.1" 404 31 "-" "Mozilla/5.0 (l9scan/2.0.73e2739313e2830323e2838313; +https://leakix.net)"
167.99.210.137 - - [21/Feb/2026:20:21:19 +0500] "POST /api HTTP/1.1" 404 31 "-" "Mozilla/5.0 (l9scan/2.0.73e2739313e2830323e2838313; +https://leakix.net)"
167.99.210.137 - - [21/Feb/2026:20:21:19 +0500] "POST /api/graphql HTTP/1.1" 404 31 "-" "Mozilla/5.0 (l9scan/2.0.73e2739313e2830323e2838313; +https://leakix.net)"
167.99.210.137 - - [21/Feb/2026:20:21:19 +0500] "POST /graphql/api HTTP/1.1" 404 31 "-" "Mozilla/5.0 (l9scan/2.0.73e2739313e2830323e2838313; +https://leakix.net)"
167.99.210.137 - - [21/Feb/2026:20:21:19 +0500] "POST /api/gql HTTP/1.1" 404 31 "-" "Mozilla/5.0 (l9scan/2.0.73e2739313e2830323e2838313; +https://leakix.net)"
167.99.210.137 - - [21/Feb/2026:20:21:20 +0500] "GET /s/73e2739313e2830323e2838313/_/;/META-INF/maven/com.atlassian.jira/jira-webapp-dist/pom.properties HTTP/1.1" 404 2047 "-" "Mozilla/5.0 (l9scan/2.0.73e2739313e2830323e2838313; +https://leakix.net)"
167.99.210.137 - - [21/Feb/2026:20:21:21 +0500] "GET /config.json HTTP/1.1" 404 2049 "-" "Mozilla/5.0 (l9scan/2.0.73e2739313e2830323e2838313; +https://leakix.net)"
167.99.210.137 - - [21/Feb/2026:20:21:23 +0500] "GET /telescope/requests HTTP/1.1" 404 2047 "-" "Mozilla/5.0 (l9scan/2.0.73e2739313e2830323e2838313; +https://leakix.net)"
167.99.210.137 - - [21/Feb/2026:20:21:23 +0500] "GET /info.php HTTP/1.1" 404 2046 "-" "Mozilla/5.0 (l9scan/2.0.73e2739313e2830323e2838313; +https://leakix.net)"
167.99.210.137 - - [21/Feb/2026:20:21:24 +0500] "GET /.well-known/security.txt HTTP/1.1" 301 162 "-" "Mozilla/5.0 (l9scan/2.0.73e2739313e2830323e2838313; +https://leakix.net)"
167.99.210.137 - - [21/Feb/2026:20:21:25 +0500] "GET /actuator/env HTTP/1.1" 404 2047 "-" "Mozilla/5.0 (l9scan/2.0.73e2739313e2830323e2838313; +https://leakix.net)"
167.99.210.137 - - [21/Feb/2026:20:21:27 +0500] "GET /swagger-ui.html HTTP/1.1" 404 2048 "-" "Mozilla/5.0 (l9scan/2.0.73e2739313e2830323e2838313; +https://leakix.net)"
167.99.210.137 - - [21/Feb/2026:20:21:28 +0500] "GET /swagger/index.html HTTP/1.1" 404 2047 "-" "Mozilla/5.0 (l9scan/2.0.73e2739313e2830323e2838313; +https://leakix.net)"
167.99.210.137 - - [21/Feb/2026:20:21:29 +0500] "GET /swagger/swagger-ui.html HTTP/1.1" 404 2048 "-" "Mozilla/5.0 (l9scan/2.0.73e2739313e2830323e2838313; +https://leakix.net)"
167.99.210.137 - - [21/Feb/2026:20:21:30 +0500] "GET /webjars/swagger-ui/index.html HTTP/1.1" 404 2048 "-" "Mozilla/5.0 (l9scan/2.0.73e2739313e2830323e2838313; +https://leakix.net)"
167.99.210.137 - - [21/Feb/2026:20:21:31 +0500] "GET /swagger.json HTTP/1.1" 404 2047 "-" "Mozilla/5.0 (l9scan/2.0.73e2739313e2830323e2838313; +https://leakix.net)"
167.99.210.137 - - [21/Feb/2026:20:21:32 +0500] "GET /swagger/v1/swagger.json HTTP/1.1" 404 2048 "-" "Mozilla/5.0 (l9scan/2.0.73e2739313e2830323e2838313; +https://leakix.net)"
167.99.210.137 - - [21/Feb/2026:20:21:33 +0500] "GET /v2/api-docs HTTP/1.1" 404 2046 "-" "Mozilla/5.0 (l9scan/2.0.73e2739313e2830323e2838313; +https://leakix.net)"
167.99.210.137 - - [21/Feb/2026:20:21:34 +0500] "GET /v3/api-docs HTTP/1.1" 404 2045 "-" "Mozilla/5.0 (l9scan/2.0.73e2739313e2830323e2838313; +https://leakix.net)"
167.99.210.137 - - [21/Feb/2026:20:21:35 +0500] "GET /api-docs/swagger.json HTTP/1.1" 404 2047 "-" "Mozilla/5.0 (l9scan/2.0.73e2739313e2830323e2838313; +https://leakix.net)"
167.99.210.137 - - [21/Feb/2026:20:21:36 +0500] "GET /api/swagger.json HTTP/1.1" 404 2046 "-" "Mozilla/5.0 (l9scan/2.0.73e2739313e2830323e2838313; +https://leakix.net)"
167.99.210.137 - - [21/Feb/2026:20:21:37 +0500] "GET /@vite/env HTTP/1.1" 404 2046 "-" "Mozilla/5.0 (l9scan/2.0.73e2739313e2830323e2838313; +https://leakix.net)"
167.99.210.137 - - [21/Feb/2026:20:21:38 +0500] "GET /.vscode/sftp.json HTTP/1.1" 404 146 "-" "Mozilla/5.0 (l9scan/2.0.73e2739313e2830323e2838313; +https://leakix.net)"
38.18.24.97 - - [21/Feb/2026:20:21:39 +0500] "HEAD / HTTP/1.1" 302 0 "-" "Mozilla/5.0 (Windows NT 10.0; Win64; x64) AppleWebKit/537.36 (KHTML, like Gecko) Chrome/134.0.6998.35/36 Safari/537.36"
167.99.210.137 - - [21/Feb/2026:20:21:39 +0500] "OPTIONS / HTTP/1.1" 405 150 "-" "Mozilla/5.0 (l9scan/2.0.73e2739313e2830323e2838313; +https://leakix.net)"
38.18.24.97 - - [21/Feb/2026:20:21:39 +0500] "HEAD /login HTTP/1.1" 200 0 "-" "Mozilla/5.0 (Windows NT 10.0; Win64; x64) AppleWebKit/537.36 (KHTML, like Gecko) Chrome/134.0.6998.35/36 Safari/537.36"
167.99.210.137 - - [21/Feb/2026:20:21:40 +0500] "GET /?rest_route=/wp/v2/users/ HTTP/1.1" 302 5 "-" "Mozilla/5.0 (l9scan/2.0.73e2739313e2830323e2838313; +https://leakix.net)"
167.99.210.137 - - [21/Feb/2026:20:21:41 +0500] "GET /debug/default/view?panel=config HTTP/1.1" 404 2047 "-" "Mozilla/5.0 (l9scan/2.0.73e2739313e2830323e2838313; +https://leakix.net)"
44.221.188.147 - - [21/Feb/2026:20:21:46 +0500] "GET / HTTP/1.1" 302 5 "-" "Mozilla/5.0 (X11; Linux x86_64) AppleWebKit/537.36 (KHTML, like Gecko) Chrome/79.0.3945.88 Safari/537.36"
44.221.188.147 - - [21/Feb/2026:20:21:46 +0500] "GET /login HTTP/1.1" 200 7621 "-" "Mozilla/5.0 (X11; Linux x86_64) AppleWebKit/537.36 (KHTML, like Gecko) Chrome/79.0.3945.88 Safari/537.36"
44.221.189.139 - - [21/Feb/2026:20:21:49 +0500] "GET / HTTP/1.1" 302 5 "-" "Mozilla/5.0 (Windows NT 10.0; Win64; x64) AppleWebKit/537.36 (KHTML, like Gecko) Chrome/127.0.6533.72 Safari/537.36"
44.221.189.139 - - [21/Feb/2026:20:21:50 +0500] "GET /login HTTP/1.1" 200 7620 "-" "Mozilla/5.0 (Windows NT 10.0; Win64; x64) AppleWebKit/537.36 (KHTML, like Gecko) Chrome/127.0.6533.72 Safari/537.36"
104.252.191.229 - - [21/Feb/2026:20:21:50 +0500] "GET / HTTP/1.1" 302 5 "-" "Mozilla/5.0 (Windows NT 10.0; Win64; x64) AppleWebKit/537.36 (KHTML, like Gecko) Chrome/117.0.0.0 Safari/537.36"
103.4.251.109 - - [21/Feb/2026:20:21:50 +0500] "GET / HTTP/1.1" 302 5 "-" "Mozilla/5.0 (Windows NT 10.0; Win64; x64) AppleWebKit/537.36 (KHTML, like Gecko) Chrome/117.0.0.0 Safari/537.36"
103.4.251.109 - - [21/Feb/2026:20:21:53 +0500] "GET /login HTTP/1.1" 200 6728 "-" "Mozilla/5.0 (Windows NT 10.0; Win64; x64) AppleWebKit/537.36 (KHTML, like Gecko) Chrome/117.0.0.0 Safari/537.36"
104.252.191.229 - - [21/Feb/2026:20:21:53 +0500] "GET /login HTTP/1.1" 200 6727 "-" "Mozilla/5.0 (Windows NT 10.0; Win64; x64) AppleWebKit/537.36 (KHTML, like Gecko) Chrome/117.0.0.0 Safari/537.36"
44.221.189.139 - - [21/Feb/2026:20:21:54 +0500] "GET /apps/side_menu/css/stylesheet?v=0 HTTP/1.1" 200 325 "-" "Mozilla/5.0 (Windows NT 10.0; Win64; x64) AppleWebKit/537.36 (KHTML, like Gecko) Chrome/127.0.6533.72 Safari/537.36"
44.221.189.139 - - [21/Feb/2026:20:21:54 +0500] "GET /apps/theming/theme/default.css?plain=1&v=59ce39ca HTTP/1.1" 200 1450 "https://cloud.bigprom.uz/login" "Mozilla/5.0 (Windows NT 10.0; Win64; x64) AppleWebKit/537.36 (KHTML, like Gecko) Chrome/127.0.6533.72 Safari/537.36"
44.221.189.139 - - [21/Feb/2026:20:21:54 +0500] "GET /apps/theming/theme/light.css?plain=0&v=59ce39ca HTTP/1.1" 200 1462 "https://cloud.bigprom.uz/login" "Mozilla/5.0 (Windows NT 10.0; Win64; x64) AppleWebKit/537.36 (KHTML, like Gecko) Chrome/127.0.6533.72 Safari/537.36"
44.221.189.139 - - [21/Feb/2026:20:21:54 +0500] "GET /apps/theming/theme/light.css?plain=1&v=59ce39ca HTTP/1.1" 200 1450 "https://cloud.bigprom.uz/login" "Mozilla/5.0 (Windows NT 10.0; Win64; x64) AppleWebKit/537.36 (KHTML, like Gecko) Chrome/127.0.6533.72 Safari/537.36"
44.221.189.139 - - [21/Feb/2026:20:21:57 +0500] "GET /apps/theming/theme/dark.css?plain=0&v=59ce39ca HTTP/1.1" 200 1489 "https://cloud.bigprom.uz/login" "Mozilla/5.0 (Windows NT 10.0; Win64; x64) AppleWebKit/537.36 (KHTML, like Gecko) Chrome/127.0.6533.72 Safari/537.36"
44.221.189.139 - - [21/Feb/2026:20:21:57 +0500] "GET /apps/theming/theme/dark-highcontrast.css?plain=0&v=59ce39ca HTTP/1.1" 200 1548 "https://cloud.bigprom.uz/login" "Mozilla/5.0 (Windows NT 10.0; Win64; x64) AppleWebKit/537.36 (KHTML, like Gecko) Chrome/127.0.6533.72 Safari/537.36"
44.221.189.139 - - [21/Feb/2026:20:21:58 +0500] "GET /apps/theming/theme/light-highcontrast.css?plain=0&v=59ce39ca HTTP/1.1" 200 1489 "https://cloud.bigprom.uz/login" "Mozilla/5.0 (Windows NT 10.0; Win64; x64) AppleWebKit/537.36 (KHTML, like Gecko) Chrome/127.0.6533.72 Safari/537.36"
44.221.189.139 - - [21/Feb/2026:20:21:58 +0500] "GET /apps/theming/theme/opendyslexic.css?plain=0&v=59ce39ca HTTP/1.1" 200 336 "https://cloud.bigprom.uz/login" "Mozilla/5.0 (Windows NT 10.0; Win64; x64) AppleWebKit/537.36 (KHTML, like Gecko) Chrome/127.0.6533.72 Safari/537.36"
51.81.245.138 - - [21/Feb/2026:20:21:58 +0500] "GET / HTTP/1.1" 302 5 "-" "Mozilla/5.0 (Windows NT 10.0; Win64; x64) AppleWebKit/537.36 (KHTML, like Gecko) Chrome/108.0.0.0 Safari/537.36"
94.158.52.217 - - [21/Feb/2026:20:21:58 +0500] "GET / HTTP/1.1" 302 5 "-" "Mozilla/5.0 (Windows NT 10.0; Win64; x64; rv:148.0) Gecko/20100101 Firefox/148.0"
51.81.245.138 - - [21/Feb/2026:20:21:59 +0500] "GET /login HTTP/1.1" 200 7621 "-" "Mozilla/5.0 (Windows NT 10.0; Win64; x64) AppleWebKit/537.36 (KHTML, like Gecko) Chrome/108.0.0.0 Safari/537.36"
94.158.52.217 - - [21/Feb/2026:20:21:59 +0500] "GET /apps/files/ HTTP/1.1" 200 12191 "-" "Mozilla/5.0 (Windows NT 10.0; Win64; x64; rv:148.0) Gecko/20100101 Firefox/148.0"
94.158.52.217 - - [21/Feb/2026:20:21:59 +0500] "GET /apps/files_versions/css/sidebar-tab.css?v=2c8ba077-0 HTTP/1.1" 404 31 "-" "Mozilla/5.0 (Windows NT 10.0; Win64; x64; rv:148.0) Gecko/20100101 Firefox/148.0"
94.158.52.217 - - [21/Feb/2026:20:21:59 +0500] "GET /index.php/apps/files/preview-service-worker.js HTTP/1.1" 200 5355 "-" "Mozilla/5.0 (Windows NT 10.0; Win64; x64; rv:148.0) Gecko/20100101 Firefox/148.0"
94.158.52.217 - - [21/Feb/2026:20:21:59 +0500] "GET /apps/side_menu/css/stylesheet?v=0 HTTP/1.1" 200 325 "-" "Mozilla/5.0 (Windows NT 10.0; Win64; x64; rv:148.0) Gecko/20100101 Firefox/148.0"
51.81.245.138 - - [21/Feb/2026:20:21:59 +0500] "GET /favicon.ico HTTP/1.1" 404 2047 "-" "python-requests/2.25.1"
94.158.52.217 - - [21/Feb/2026:20:22:00 +0500] "GET /apps/side_menu/nav/items HTTP/1.1" 200 392 "-" "Mozilla/5.0 (Windows NT 10.0; Win64; x64; rv:148.0) Gecko/20100101 Firefox/148.0"
94.158.52.217 - - [21/Feb/2026:20:22:00 +0500] "REPORT /remote.php/dav/files/admin/ HTTP/1.1" 207 167 "-" "Mozilla/5.0 (Windows NT 10.0; Win64; x64; rv:148.0) Gecko/20100101 Firefox/148.0"
94.158.52.217 - - [21/Feb/2026:20:22:00 +0500] "PROPFIND /remote.php/dav/files/admin/ HTTP/1.1" 207 1459 "-" "Mozilla/5.0 (Windows NT 10.0; Win64; x64; rv:148.0) Gecko/20100101 Firefox/148.0"
94.158.52.217 - - [21/Feb/2026:20:22:00 +0500] "GET /contactsmenu/teams HTTP/1.1" 200 22 "-" "Mozilla/5.0 (Windows NT 10.0; Win64; x64; rv:148.0) Gecko/20100101 Firefox/148.0"
94.158.52.217 - - [21/Feb/2026:20:22:00 +0500] "GET /ocs/v2.php/apps/user_status/api/v1/user_status HTTP/1.1" 200 150 "-" "Mozilla/5.0 (Windows NT 10.0; Win64; x64; rv:148.0) Gecko/20100101 Firefox/148.0"
94.158.52.217 - - [21/Feb/2026:20:22:00 +0500] "PUT /ocs/v2.php/apps/user_status/api/v1/heartbeat?format=json HTTP/1.1" 200 149 "-" "Mozilla/5.0 (Windows NT 10.0; Win64; x64; rv:148.0) Gecko/20100101 Firefox/148.0"
94.158.52.217 - - [21/Feb/2026:20:22:00 +0500] "GET /apps/side_menu/js/config HTTP/1.1" 200 274 "-" "Mozilla/5.0 (Windows NT 10.0; Win64; x64; rv:148.0) Gecko/20100101 Firefox/148.0"
94.158.52.217 - - [21/Feb/2026:20:22:00 +0500] "GET /ocs/v2.php/apps/notifications/api/v2/notifications HTTP/1.1" 200 84 "-" "Mozilla/5.0 (Windows NT 10.0; Win64; x64; rv:148.0) Gecko/20100101 Firefox/148.0"
94.158.52.217 - - [21/Feb/2026:20:22:00 +0500] "GET /core/mimeicon?mime=video%2Fmp4 HTTP/1.1" 303 0 "-" "Mozilla/5.0 (Windows NT 10.0; Win64; x64; rv:148.0) Gecko/20100101 Firefox/148.0"
94.158.52.217 - - [21/Feb/2026:20:22:01 +0500] "GET /core/mimeicon?mime=application%2Fpdf HTTP/1.1" 303 0 "-" "Mozilla/5.0 (Windows NT 10.0; Win64; x64; rv:148.0) Gecko/20100101 Firefox/148.0"
94.158.52.217 - - [21/Feb/2026:20:22:01 +0500] "GET /apps/side_menu/core/apps HTTP/1.1" 200 329 "-" "Mozilla/5.0 (Windows NT 10.0; Win64; x64; rv:148.0) Gecko/20100101 Firefox/148.0"
94.158.52.217 - - [21/Feb/2026:20:22:01 +0500] "GET /index.php/apps/files/preview-service-worker.js HTTP/1.1" 200 5355 "-" "Mozilla/5.0 (Windows NT 10.0; Win64; x64; rv:148.0) Gecko/20100101 Firefox/148.0"
104.252.191.229 - - [21/Feb/2026:20:22:02 +0500] "GET / HTTP/1.1" 302 5 "-" "Mozilla/5.0 (X11; Linux x86_64) AppleWebKit/537.36 (KHTML, like Gecko) Chrome/117.0.0.0 Safari/537.36"
44.221.189.139 - - [21/Feb/2026:20:22:04 +0500] "GET /apps/theming/theme/light-highcontrast.css?plain=1&v=59ce39ca HTTP/1.1" 200 1473 "https://cloud.bigprom.uz/login" "Mozilla/5.0 (Windows NT 10.0; Win64; x64) AppleWebKit/537.36 (KHTML, like Gecko) Chrome/127.0.6533.72 Safari/537.36"
44.221.189.139 - - [21/Feb/2026:20:22:04 +0500] "GET /apps/theming/theme/dark.css?plain=1&v=59ce39ca HTTP/1.1" 200 1477 "https://cloud.bigprom.uz/login" "Mozilla/5.0 (Windows NT 10.0; Win64; x64) AppleWebKit/537.36 (KHTML, like Gecko) Chrome/127.0.6533.72 Safari/537.36"
94.158.52.217 - - [21/Feb/2026:20:22:04 +0500] "GET /logout?requesttoken=7f8kAZfJ%2BdXqmDZZjrD2hUwgzlOoguUno6Dhy2pnSxU%3D%3Aj5RCbaHmn7etzncM69iRy30YuDqbwINByeerrDopOFQ%3D HTTP/1.1" 303 0 "-" "Mozilla/5.0 (Windows NT 10.0; Win64; x64; rv:148.0) Gecko/20100101 Firefox/148.0"
104.252.191.229 - - [21/Feb/2026:20:22:05 +0500] "GET /login HTTP/1.1" 200 6729 "-" "Mozilla/5.0 (X11; Linux x86_64) AppleWebKit/537.36 (KHTML, like Gecko) Chrome/117.0.0.0 Safari/537.36"
94.158.52.217 - - [21/Feb/2026:20:22:05 +0500] "GET /login?clear=1 HTTP/1.1" 303 0 "-" "Mozilla/5.0 (Windows NT 10.0; Win64; x64; rv:148.0) Gecko/20100101 Firefox/148.0"
94.158.52.217 - - [21/Feb/2026:20:22:05 +0500] "GET /login?clear=1 HTTP/1.1" 200 7571 "-" "Mozilla/5.0 (Windows NT 10.0; Win64; x64; rv:148.0) Gecko/20100101 Firefox/148.0"
94.158.52.217 - - [21/Feb/2026:20:22:05 +0500] "GET /apps/side_menu/css/stylesheet?v=0 HTTP/1.1" 200 325 "-" "Mozilla/5.0 (Windows NT 10.0; Win64; x64; rv:148.0) Gecko/20100101 Firefox/148.0"
94.158.52.217 - - [21/Feb/2026:20:22:05 +0500] "GET /apps/theming/theme/default.css?plain=1&v=59ce39ca HTTP/1.1" 200 1452 "https://cloud.realtrade.uz/login?clear=1" "Mozilla/5.0 (Windows NT 10.0; Win64; x64; rv:148.0) Gecko/20100101 Firefox/148.0"
94.158.52.217 - - [21/Feb/2026:20:22:05 +0500] "GET /apps/theming/theme/light.css?plain=1&v=59ce39ca HTTP/1.1" 200 1452 "https://cloud.realtrade.uz/login?clear=1" "Mozilla/5.0 (Windows NT 10.0; Win64; x64; rv:148.0) Gecko/20100101 Firefox/148.0"
94.158.52.217 - - [21/Feb/2026:20:22:05 +0500] "GET /apps/theming/theme/light.css?plain=0&v=59ce39ca HTTP/1.1" 200 1464 "https://cloud.realtrade.uz/login?clear=1" "Mozilla/5.0 (Windows NT 10.0; Win64; x64; rv:148.0) Gecko/20100101 Firefox/148.0"
94.158.52.217 - - [21/Feb/2026:20:22:06 +0500] "GET /apps/theming/theme/dark.css?plain=0&v=59ce39ca HTTP/1.1" 200 1490 "https://cloud.realtrade.uz/login?clear=1" "Mozilla/5.0 (Windows NT 10.0; Win64; x64; rv:148.0) Gecko/20100101 Firefox/148.0"
94.158.52.217 - - [21/Feb/2026:20:22:06 +0500] "GET /apps/theming/theme/light-highcontrast.css?plain=0&v=59ce39ca HTTP/1.1" 200 1489 "https://cloud.realtrade.uz/login?clear=1" "Mozilla/5.0 (Windows NT 10.0; Win64; x64; rv:148.0) Gecko/20100101 Firefox/148.0"
94.158.52.217 - - [21/Feb/2026:20:22:06 +0500] "GET /apps/theming/theme/dark-highcontrast.css?plain=0&v=59ce39ca HTTP/1.1" 200 1548 "https://cloud.realtrade.uz/login?clear=1" "Mozilla/5.0 (Windows NT 10.0; Win64; x64; rv:148.0) Gecko/20100101 Firefox/148.0"
94.158.52.217 - - [21/Feb/2026:20:22:06 +0500] "GET /apps/theming/theme/opendyslexic.css?plain=0&v=59ce39ca HTTP/1.1" 200 336 "https://cloud.realtrade.uz/login?clear=1" "Mozilla/5.0 (Windows NT 10.0; Win64; x64; rv:148.0) Gecko/20100101 Firefox/148.0"
94.158.52.217 - - [21/Feb/2026:20:22:06 +0500] "GET /apps/theming/theme/dark.css?plain=1&v=59ce39ca HTTP/1.1" 200 1478 "https://cloud.realtrade.uz/login?clear=1" "Mozilla/5.0 (Windows NT 10.0; Win64; x64; rv:148.0) Gecko/20100101 Firefox/148.0"
94.158.52.217 - - [21/Feb/2026:20:22:06 +0500] "GET /apps/side_menu/nav/items HTTP/1.1" 200 32 "https://cloud.realtrade.uz/login?clear=1" "Mozilla/5.0 (Windows NT 10.0; Win64; x64; rv:148.0) Gecko/20100101 Firefox/148.0"
94.158.52.217 - - [21/Feb/2026:20:22:06 +0500] "GET /apps/theming/theme/dark-highcontrast.css?plain=1&v=59ce39ca HTTP/1.1" 200 1532 "https://cloud.realtrade.uz/login?clear=1" "Mozilla/5.0 (Windows NT 10.0; Win64; x64; rv:148.0) Gecko/20100101 Firefox/148.0"
94.158.52.217 - - [21/Feb/2026:20:22:06 +0500] "GET /apps/theming/theme/light-highcontrast.css?plain=1&v=59ce39ca HTTP/1.1" 200 1473 "https://cloud.realtrade.uz/login?clear=1" "Mozilla/5.0 (Windows NT 10.0; Win64; x64; rv:148.0) Gecko/20100101 Firefox/148.0"
94.158.52.217 - - [21/Feb/2026:20:22:06 +0500] "GET /apps/side_menu/js/config HTTP/1.1" 200 274 "https://cloud.realtrade.uz/login?clear=1" "Mozilla/5.0 (Windows NT 10.0; Win64; x64; rv:148.0) Gecko/20100101 Firefox/148.0"
44.221.189.139 - - [21/Feb/2026:20:22:07 +0500] "GET /apps/theming/theme/dark-highcontrast.css?plain=1&v=59ce39ca HTTP/1.1" 200 1532 "https://cloud.bigprom.uz/login" "Mozilla/5.0 (Windows NT 10.0; Win64; x64) AppleWebKit/537.36 (KHTML, like Gecko) Chrome/127.0.6533.72 Safari/537.36"
94.158.52.217 - - [21/Feb/2026:20:22:07 +0500] "GET /apps/theming/favicon?v=59ce39ca HTTP/1.1" 200 4054 "https://cloud.realtrade.uz/login?clear=1" "Mozilla/5.0 (Windows NT 10.0; Win64; x64; rv:148.0) Gecko/20100101 Firefox/148.0"
94.158.52.217 - - [21/Feb/2026:20:22:07 +0500] "GET /apps/theming/icon?v=59ce39ca HTTP/1.1" 200 15646 "https://cloud.realtrade.uz/login?clear=1" "Mozilla/5.0 (Windows NT 10.0; Win64; x64; rv:148.0) Gecko/20100101 Firefox/148.0"
44.221.189.139 - - [21/Feb/2026:20:22:08 +0500] "GET /apps/side_menu/nav/items HTTP/1.1" 200 32 "https://cloud.bigprom.uz/login" "Mozilla/5.0 (Windows NT 10.0; Win64; x64) AppleWebKit/537.36 (KHTML, like Gecko) Chrome/127.0.6533.72 Safari/537.36"
44.221.189.139 - - [21/Feb/2026:20:22:08 +0500] "GET /apps/side_menu/js/config HTTP/1.1" 200 274 "https://cloud.bigprom.uz/login" "Mozilla/5.0 (Windows NT 10.0; Win64; x64) AppleWebKit/537.36 (KHTML, like Gecko) Chrome/127.0.6533.72 Safari/537.36"
44.221.189.139 - - [21/Feb/2026:20:22:12 +0500] "GET / HTTP/1.1" 302 5 "-" "Mozilla/5.0 (Windows NT 10.0; Win64; x64) AppleWebKit/537.36 (KHTML, like Gecko) Chrome/127.0.6533.72 Safari/537.36"
44.221.189.139 - - [21/Feb/2026:20:22:13 +0500] "GET /login HTTP/1.1" 200 7623 "-" "Mozilla/5.0 (Windows NT 10.0; Win64; x64) AppleWebKit/537.36 (KHTML, like Gecko) Chrome/127.0.6533.72 Safari/537.36"
44.221.189.139 - - [21/Feb/2026:20:22:14 +0500] "GET /apps/side_menu/css/stylesheet?v=0 HTTP/1.1" 200 325 "-" "Mozilla/5.0 (Windows NT 10.0; Win64; x64) AppleWebKit/537.36 (KHTML, like Gecko) Chrome/127.0.6533.72 Safari/537.36"
44.221.189.139 - - [21/Feb/2026:20:22:14 +0500] "GET /apps/theming/theme/default.css?plain=1&v=59ce39ca HTTP/1.1" 200 1450 "https://cloud.bigprom.uz/login" "Mozilla/5.0 (Windows NT 10.0; Win64; x64) AppleWebKit/537.36 (KHTML, like Gecko) Chrome/127.0.6533.72 Safari/537.36"
44.221.189.139 - - [21/Feb/2026:20:22:14 +0500] "GET /apps/theming/theme/light.css?plain=1&v=59ce39ca HTTP/1.1" 200 1450 "https://cloud.bigprom.uz/login" "Mozilla/5.0 (Windows NT 10.0; Win64; x64) AppleWebKit/537.36 (KHTML, like Gecko) Chrome/127.0.6533.72 Safari/537.36"
44.221.189.139 - - [21/Feb/2026:20:22:14 +0500] "GET /apps/theming/theme/light.css?plain=0&v=59ce39ca HTTP/1.1" 200 1462 "https://cloud.bigprom.uz/login" "Mozilla/5.0 (Windows NT 10.0; Win64; x64) AppleWebKit/537.36 (KHTML, like Gecko) Chrome/127.0.6533.72 Safari/537.36"
44.221.189.139 - - [21/Feb/2026:20:22:14 +0500] "GET /apps/theming/theme/dark.css?plain=0&v=59ce39ca HTTP/1.1" 200 1489 "https://cloud.bigprom.uz/login" "Mozilla/5.0 (Windows NT 10.0; Win64; x64) AppleWebKit/537.36 (KHTML, like Gecko) Chrome/127.0.6533.72 Safari/537.36"
44.221.189.139 - - [21/Feb/2026:20:22:14 +0500] "GET /apps/theming/theme/light-highcontrast.css?plain=0&v=59ce39ca HTTP/1.1" 200 1489 "https://cloud.bigprom.uz/login" "Mozilla/5.0 (Windows NT 10.0; Win64; x64) AppleWebKit/537.36 (KHTML, like Gecko) Chrome/127.0.6533.72 Safari/537.36"
44.221.189.139 - - [21/Feb/2026:20:22:15 +0500] "GET /apps/theming/theme/dark-highcontrast.css?plain=0&v=59ce39ca HTTP/1.1" 200 1548 "https://cloud.bigprom.uz/login" "Mozilla/5.0 (Windows NT 10.0; Win64; x64) AppleWebKit/537.36 (KHTML, like Gecko) Chrome/127.0.6533.72 Safari/537.36"
44.221.189.139 - - [21/Feb/2026:20:22:15 +0500] "GET /apps/theming/theme/opendyslexic.css?plain=0&v=59ce39ca HTTP/1.1" 200 336 "https://cloud.bigprom.uz/login" "Mozilla/5.0 (Windows NT 10.0; Win64; x64) AppleWebKit/537.36 (KHTML, like Gecko) Chrome/127.0.6533.72 Safari/537.36"
44.221.189.139 - - [21/Feb/2026:20:22:16 +0500] "GET /apps/theming/theme/dark.css?plain=1&v=59ce39ca HTTP/1.1" 200 1477 "https://cloud.bigprom.uz/login" "Mozilla/5.0 (Windows NT 10.0; Win64; x64) AppleWebKit/537.36 (KHTML, like Gecko) Chrome/127.0.6533.72 Safari/537.36"
44.221.189.139 - - [21/Feb/2026:20:22:16 +0500] "GET /apps/theming/theme/light-highcontrast.css?plain=1&v=59ce39ca HTTP/1.1" 200 1473 "https://cloud.bigprom.uz/login" "Mozilla/5.0 (Windows NT 10.0; Win64; x64) AppleWebKit/537.36 (KHTML, like Gecko) Chrome/127.0.6533.72 Safari/537.36"
44.221.189.139 - - [21/Feb/2026:20:22:17 +0500] "GET /apps/theming/theme/dark-highcontrast.css?plain=1&v=59ce39ca HTTP/1.1" 200 1532 "https://cloud.bigprom.uz/login" "Mozilla/5.0 (Windows NT 10.0; Win64; x64) AppleWebKit/537.36 (KHTML, like Gecko) Chrome/127.0.6533.72 Safari/537.36"
44.221.189.139 - - [21/Feb/2026:20:22:18 +0500] "GET /apps/side_menu/nav/items HTTP/1.1" 200 32 "https://cloud.bigprom.uz/login" "Mozilla/5.0 (Windows NT 10.0; Win64; x64) AppleWebKit/537.36 (KHTML, like Gecko) Chrome/127.0.6533.72 Safari/537.36"
44.221.189.139 - - [21/Feb/2026:20:22:19 +0500] "GET /apps/side_menu/js/config HTTP/1.1" 200 274 "https://cloud.bigprom.uz/login" "Mozilla/5.0 (Windows NT 10.0; Win64; x64) AppleWebKit/537.36 (KHTML, like Gecko) Chrome/127.0.6533.72 Safari/537.36"
94.158.52.217 - - [21/Feb/2026:20:22:19 +0500] "GET / HTTP/1.1" 302 5 "-" "Mozilla/5.0 (Windows NT 10.0; Win64; x64; rv:148.0) Gecko/20100101 Firefox/148.0"
94.158.52.217 - - [21/Feb/2026:20:22:19 +0500] "GET /login HTTP/1.1" 200 7619 "-" "Mozilla/5.0 (Windows NT 10.0; Win64; x64; rv:148.0) Gecko/20100101 Firefox/148.0"
94.158.52.217 - - [21/Feb/2026:20:22:20 +0500] "GET /apps/side_menu/css/stylesheet?v=0 HTTP/1.1" 200 325 "-" "Mozilla/5.0 (Windows NT 10.0; Win64; x64; rv:148.0) Gecko/20100101 Firefox/148.0"
94.158.52.217 - - [21/Feb/2026:20:22:20 +0500] "GET /apps/theming/theme/light.css?plain=1&v=59ce39ca HTTP/1.1" 200 1452 "https://cloud.bigprom.uz/login" "Mozilla/5.0 (Windows NT 10.0; Win64; x64; rv:148.0) Gecko/20100101 Firefox/148.0"
94.158.52.217 - - [21/Feb/2026:20:22:20 +0500] "GET /apps/theming/theme/default.css?plain=1&v=59ce39ca HTTP/1.1" 200 1452 "https://cloud.bigprom.uz/login" "Mozilla/5.0 (Windows NT 10.0; Win64; x64; rv:148.0) Gecko/20100101 Firefox/148.0"
94.158.52.217 - - [21/Feb/2026:20:22:20 +0500] "GET /apps/theming/theme/light.css?plain=0&v=59ce39ca HTTP/1.1" 200 1464 "https://cloud.bigprom.uz/login" "Mozilla/5.0 (Windows NT 10.0; Win64; x64; rv:148.0) Gecko/20100101 Firefox/148.0"
94.158.52.217 - - [21/Feb/2026:20:22:20 +0500] "GET /apps/theming/theme/dark.css?plain=0&v=59ce39ca HTTP/1.1" 200 1490 "https://cloud.bigprom.uz/login" "Mozilla/5.0 (Windows NT 10.0; Win64; x64; rv:148.0) Gecko/20100101 Firefox/148.0"
94.158.52.217 - - [21/Feb/2026:20:22:20 +0500] "GET /apps/theming/theme/dark-highcontrast.css?plain=0&v=59ce39ca HTTP/1.1" 200 1548 "https://cloud.bigprom.uz/login" "Mozilla/5.0 (Windows NT 10.0; Win64; x64; rv:148.0) Gecko/20100101 Firefox/148.0"
94.158.52.217 - - [21/Feb/2026:20:22:20 +0500] "GET /apps/theming/theme/light-highcontrast.css?plain=0&v=59ce39ca HTTP/1.1" 200 1489 "https://cloud.bigprom.uz/login" "Mozilla/5.0 (Windows NT 10.0; Win64; x64; rv:148.0) Gecko/20100101 Firefox/148.0"
94.158.52.217 - - [21/Feb/2026:20:22:20 +0500] "GET /apps/theming/theme/opendyslexic.css?plain=0&v=59ce39ca HTTP/1.1" 200 336 "https://cloud.bigprom.uz/login" "Mozilla/5.0 (Windows NT 10.0; Win64; x64; rv:148.0) Gecko/20100101 Firefox/148.0"
94.158.52.217 - - [21/Feb/2026:20:22:20 +0500] "GET /apps/theming/theme/dark.css?plain=1&v=59ce39ca HTTP/1.1" 200 1478 "https://cloud.bigprom.uz/login" "Mozilla/5.0 (Windows NT 10.0; Win64; x64; rv:148.0) Gecko/20100101 Firefox/148.0"
94.158.52.217 - - [21/Feb/2026:20:22:21 +0500] "GET /apps/theming/theme/light-highcontrast.css?plain=1&v=59ce39ca HTTP/1.1" 200 1473 "https://cloud.bigprom.uz/login" "Mozilla/5.0 (Windows NT 10.0; Win64; x64; rv:148.0) Gecko/20100101 Firefox/148.0"
94.158.52.217 - - [21/Feb/2026:20:22:21 +0500] "GET /apps/theming/theme/dark-highcontrast.css?plain=1&v=59ce39ca HTTP/1.1" 200 1532 "https://cloud.bigprom.uz/login" "Mozilla/5.0 (Windows NT 10.0; Win64; x64; rv:148.0) Gecko/20100101 Firefox/148.0"
94.158.52.217 - - [21/Feb/2026:20:22:21 +0500] "GET /apps/theming/favicon?v=59ce39ca HTTP/1.1" 200 4054 "https://cloud.bigprom.uz/login" "Mozilla/5.0 (Windows NT 10.0; Win64; x64; rv:148.0) Gecko/20100101 Firefox/148.0"
94.158.52.217 - - [21/Feb/2026:20:22:21 +0500] "GET /apps/theming/icon?v=59ce39ca HTTP/1.1" 200 15646 "https://cloud.bigprom.uz/login" "Mozilla/5.0 (Windows NT 10.0; Win64; x64; rv:148.0) Gecko/20100101 Firefox/148.0"
94.158.52.217 - - [21/Feb/2026:20:22:36 +0500] "POST /login HTTP/1.1" 303 0 "https://cloud.bigprom.uz/login" "Mozilla/5.0 (Windows NT 10.0; Win64; x64; rv:148.0) Gecko/20100101 Firefox/148.0"
94.158.52.217 - - [21/Feb/2026:20:22:36 +0500] "GET /apps/files/ HTTP/1.1" 200 12056 "-" "Mozilla/5.0 (Windows NT 10.0; Win64; x64; rv:148.0) Gecko/20100101 Firefox/148.0"
94.158.52.217 - - [21/Feb/2026:20:22:36 +0500] "GET /apps/files_versions/css/sidebar-tab.css?v=2c8ba077-0 HTTP/1.1" 404 31 "-" "Mozilla/5.0 (Windows NT 10.0; Win64; x64; rv:148.0) Gecko/20100101 Firefox/148.0"
94.158.52.217 - - [21/Feb/2026:20:22:37 +0500] "GET /js/core/merged-template-prepend.js?v=f65a2e8c-0 HTTP/1.1" 200 3334 "-" "Mozilla/5.0 (Windows NT 10.0; Win64; x64; rv:148.0) Gecko/20100101 Firefox/148.0"
94.158.52.217 - - [21/Feb/2026:20:22:38 +0500] "GET /apps/side_menu/css/stylesheet?v=0 HTTP/1.1" 200 325 "-" "Mozilla/5.0 (Windows NT 10.0; Win64; x64; rv:148.0) Gecko/20100101 Firefox/148.0"
94.158.52.217 - - [21/Feb/2026:20:22:38 +0500] "GET /apps/theming/theme/default.css?plain=1&v=deeba75f HTTP/1.1" 200 1452 "-" "Mozilla/5.0 (Windows NT 10.0; Win64; x64; rv:148.0) Gecko/20100101 Firefox/148.0"
94.158.52.217 - - [21/Feb/2026:20:22:38 +0500] "GET /apps/theming/theme/light.css?plain=1&v=deeba75f HTTP/1.1" 200 1452 "-" "Mozilla/5.0 (Windows NT 10.0; Win64; x64; rv:148.0) Gecko/20100101 Firefox/148.0"
94.158.52.217 - - [21/Feb/2026:20:22:38 +0500] "GET /apps/theming/theme/light.css?plain=0&v=deeba75f HTTP/1.1" 200 1464 "-" "Mozilla/5.0 (Windows NT 10.0; Win64; x64; rv:148.0) Gecko/20100101 Firefox/148.0"
94.158.52.217 - - [21/Feb/2026:20:22:38 +0500] "GET /apps/theming/theme/dark.css?plain=0&v=deeba75f HTTP/1.1" 200 1490 "-" "Mozilla/5.0 (Windows NT 10.0; Win64; x64; rv:148.0) Gecko/20100101 Firefox/148.0"
94.158.52.217 - - [21/Feb/2026:20:22:38 +0500] "GET /apps/theming/theme/light-highcontrast.css?plain=0&v=deeba75f HTTP/1.1" 200 1489 "-" "Mozilla/5.0 (Windows NT 10.0; Win64; x64; rv:148.0) Gecko/20100101 Firefox/148.0"
94.158.52.217 - - [21/Feb/2026:20:22:38 +0500] "GET /apps/theming/theme/opendyslexic.css?plain=0&v=deeba75f HTTP/1.1" 200 336 "-" "Mozilla/5.0 (Windows NT 10.0; Win64; x64; rv:148.0) Gecko/20100101 Firefox/148.0"
94.158.52.217 - - [21/Feb/2026:20:22:38 +0500] "GET /apps/theming/theme/dark-highcontrast.css?plain=0&v=deeba75f HTTP/1.1" 200 1548 "-" "Mozilla/5.0 (Windows NT 10.0; Win64; x64; rv:148.0) Gecko/20100101 Firefox/148.0"
94.158.52.217 - - [21/Feb/2026:20:22:40 +0500] "GET /apps/theming/theme/dark.css?plain=1&v=deeba75f HTTP/1.1" 200 1478 "-" "Mozilla/5.0 (Windows NT 10.0; Win64; x64; rv:148.0) Gecko/20100101 Firefox/148.0"
94.158.52.217 - - [21/Feb/2026:20:22:41 +0500] "GET /apps/theming/theme/light-highcontrast.css?plain=1&v=deeba75f HTTP/1.1" 200 1473 "-" "Mozilla/5.0 (Windows NT 10.0; Win64; x64; rv:148.0) Gecko/20100101 Firefox/148.0"
94.158.52.217 - - [21/Feb/2026:20:22:41 +0500] "GET /apps/theming/theme/dark-highcontrast.css?plain=1&v=deeba75f HTTP/1.1" 200 1532 "-" "Mozilla/5.0 (Windows NT 10.0; Win64; x64; rv:148.0) Gecko/20100101 Firefox/148.0"
94.158.52.217 - - [21/Feb/2026:20:22:41 +0500] "GET /avatar/service.bigprom/64?v=1 HTTP/1.1" 200 1333 "-" "Mozilla/5.0 (Windows NT 10.0; Win64; x64; rv:148.0) Gecko/20100101 Firefox/148.0"
94.158.52.217 - - [21/Feb/2026:20:22:41 +0500] "GET /index.php/apps/files/preview-service-worker.js HTTP/1.1" 200 5355 "-" "Mozilla/5.0 (Windows NT 10.0; Win64; x64; rv:148.0) Gecko/20100101 Firefox/148.0"
94.158.52.217 - - [21/Feb/2026:20:22:41 +0500] "GET /apps/theming/icon/files?v=deeba75f HTTP/1.1" 200 10015 "-" "Mozilla/5.0 (Windows NT 10.0; Win64; x64; rv:148.0) Gecko/20100101 Firefox/148.0"
94.158.52.217 - - [21/Feb/2026:20:22:41 +0500] "GET /apps/theming/favicon/files?v=deeba75f HTTP/1.1" 200 2862 "-" "Mozilla/5.0 (Windows NT 10.0; Win64; x64; rv:148.0) Gecko/20100101 Firefox/148.0"
94.158.52.217 - - [21/Feb/2026:20:22:55 +0500] "GET /apps/files/files HTTP/1.1" 200 12068 "-" "Mozilla/5.0 (Windows NT 10.0; Win64; x64; rv:148.0) Gecko/20100101 Firefox/148.0"
94.158.52.217 - - [21/Feb/2026:20:22:55 +0500] "GET /apps/files_versions/css/sidebar-tab.css?v=2c8ba077-0 HTTP/1.1" 404 31 "-" "Mozilla/5.0 (Windows NT 10.0; Win64; x64; rv:148.0) Gecko/20100101 Firefox/148.0"
94.158.52.217 - - [21/Feb/2026:20:22:55 +0500] "GET /apps/side_menu/css/stylesheet?v=0 HTTP/1.1" 200 325 "-" "Mozilla/5.0 (Windows NT 10.0; Win64; x64; rv:148.0) Gecko/20100101 Firefox/148.0"
94.158.52.217 - - [21/Feb/2026:20:22:56 +0500] "GET /index.php/apps/files/preview-service-worker.js HTTP/1.1" 200 5355 "-" "Mozilla/5.0 (Windows NT 10.0; Win64; x64; rv:148.0) Gecko/20100101 Firefox/148.0"
94.158.52.217 - - [21/Feb/2026:20:22:57 +0500] "GET /index.php/apps/files/preview-service-worker.js HTTP/1.1" 200 5355 "-" "Mozilla/5.0 (Windows NT 10.0; Win64; x64; rv:148.0) Gecko/20100101 Firefox/148.0"
94.158.52.217 - - [21/Feb/2026:20:23:03 +0500] "GET /settings/user HTTP/1.1" 200 24659 "-" "Mozilla/5.0 (Windows NT 10.0; Win64; x64; rv:148.0) Gecko/20100101 Firefox/148.0"
94.158.52.217 - - [21/Feb/2026:20:23:04 +0500] "GET /apps/side_menu/css/stylesheet?v=0 HTTP/1.1" 200 325 "-" "Mozilla/5.0 (Windows NT 10.0; Win64; x64; rv:148.0) Gecko/20100101 Firefox/148.0"
94.158.52.217 - - [21/Feb/2026:20:23:04 +0500] "GET /index.php/apps/files/preview-service-worker.js HTTP/1.1" 200 5355 "-" "Mozilla/5.0 (Windows NT 10.0; Win64; x64; rv:148.0) Gecko/20100101 Firefox/148.0"
94.158.52.217 - - [21/Feb/2026:20:23:04 +0500] "GET /avatar/service.bigprom/512?v=1 HTTP/1.1" 200 11021 "-" "Mozilla/5.0 (Windows NT 10.0; Win64; x64; rv:148.0) Gecko/20100101 Firefox/148.0"
94.158.52.217 - - [21/Feb/2026:20:23:05 +0500] "GET /apps/theming/icon/settings?v=deeba75f HTTP/1.1" 200 9494 "-" "Mozilla/5.0 (Windows NT 10.0; Win64; x64; rv:148.0) Gecko/20100101 Firefox/148.0"
94.158.52.217 - - [21/Feb/2026:20:23:05 +0500] "GET /apps/theming/favicon/settings?v=deeba75f HTTP/1.1" 200 3323 "-" "Mozilla/5.0 (Windows NT 10.0; Win64; x64; rv:148.0) Gecko/20100101 Firefox/148.0"
94.158.52.217 - - [21/Feb/2026:20:23:05 +0500] "GET /index.php/apps/files/preview-service-worker.js HTTP/1.1" 200 5355 "-" "Mozilla/5.0 (Windows NT 10.0; Win64; x64; rv:148.0) Gecko/20100101 Firefox/148.0"
156.146.55.163 - - [21/Feb/2026:20:23:12 +0500] "GET / HTTP/1.1" 400 650 "-" "Mozilla/5.0 (X11; Linux x86_64) AppleWebKit/537.36 (KHTML, like Gecko) Chrome/137.0.0.0 Safari/537.36"
94.158.52.217 - - [21/Feb/2026:20:23:14 +0500] "GET /logout?requesttoken=m11mHDDV19s67K8TrOAtJkVyCYRz3q6eMYB1dqQZ%2BJ4%3D%3ArSgETwSMnI9S39dGyddrYh8ESscjqNbWYOwTJ5RKtMY%3D HTTP/1.1" 303 0 "-" "Mozilla/5.0 (Windows NT 10.0; Win64; x64; rv:148.0) Gecko/20100101 Firefox/148.0"
94.158.52.217 - - [21/Feb/2026:20:23:14 +0500] "GET /login?clear=1 HTTP/1.1" 303 0 "-" "Mozilla/5.0 (Windows NT 10.0; Win64; x64; rv:148.0) Gecko/20100101 Firefox/148.0"
94.158.52.217 - - [21/Feb/2026:20:23:15 +0500] "GET /login?clear=1 HTTP/1.1" 200 7622 "-" "Mozilla/5.0 (Windows NT 10.0; Win64; x64; rv:148.0) Gecko/20100101 Firefox/148.0"
94.158.52.217 - - [21/Feb/2026:20:23:15 +0500] "GET /apps/side_menu/css/stylesheet?v=0 HTTP/1.1" 200 325 "-" "Mozilla/5.0 (Windows NT 10.0; Win64; x64; rv:148.0) Gecko/20100101 Firefox/148.0"
94.158.52.217 - - [21/Feb/2026:20:23:15 +0500] "GET /apps/theming/theme/default.css?plain=1&v=59ce39ca HTTP/1.1" 200 1452 "https://cloud.bigprom.uz/login?clear=1" "Mozilla/5.0 (Windows NT 10.0; Win64; x64; rv:148.0) Gecko/20100101 Firefox/148.0"
94.158.52.217 - - [21/Feb/2026:20:23:15 +0500] "GET /apps/theming/theme/light.css?plain=1&v=59ce39ca HTTP/1.1" 200 1452 "https://cloud.bigprom.uz/login?clear=1" "Mozilla/5.0 (Windows NT 10.0; Win64; x64; rv:148.0) Gecko/20100101 Firefox/148.0"
94.158.52.217 - - [21/Feb/2026:20:23:15 +0500] "GET /apps/theming/theme/light.css?plain=0&v=59ce39ca HTTP/1.1" 200 1464 "https://cloud.bigprom.uz/login?clear=1" "Mozilla/5.0 (Windows NT 10.0; Win64; x64; rv:148.0) Gecko/20100101 Firefox/148.0"
94.158.52.217 - - [21/Feb/2026:20:23:15 +0500] "GET /apps/theming/theme/dark.css?plain=0&v=59ce39ca HTTP/1.1" 200 1490 "https://cloud.bigprom.uz/login?clear=1" "Mozilla/5.0 (Windows NT 10.0; Win64; x64; rv:148.0) Gecko/20100101 Firefox/148.0"
94.158.52.217 - - [21/Feb/2026:20:23:15 +0500] "GET /apps/theming/theme/light-highcontrast.css?plain=0&v=59ce39ca HTTP/1.1" 200 1489 "https://cloud.bigprom.uz/login?clear=1" "Mozilla/5.0 (Windows NT 10.0; Win64; x64; rv:148.0) Gecko/20100101 Firefox/148.0"
94.158.52.217 - - [21/Feb/2026:20:23:15 +0500] "GET /apps/theming/theme/dark-highcontrast.css?plain=0&v=59ce39ca HTTP/1.1" 200 1548 "https://cloud.bigprom.uz/login?clear=1" "Mozilla/5.0 (Windows NT 10.0; Win64; x64; rv:148.0) Gecko/20100101 Firefox/148.0"
94.158.52.217 - - [21/Feb/2026:20:23:15 +0500] "GET /apps/theming/theme/opendyslexic.css?plain=0&v=59ce39ca HTTP/1.1" 200 336 "https://cloud.bigprom.uz/login?clear=1" "Mozilla/5.0 (Windows NT 10.0; Win64; x64; rv:148.0) Gecko/20100101 Firefox/148.0"
94.158.52.217 - - [21/Feb/2026:20:23:16 +0500] "GET /apps/theming/theme/dark.css?plain=1&v=59ce39ca HTTP/1.1" 200 1478 "https://cloud.bigprom.uz/login?clear=1" "Mozilla/5.0 (Windows NT 10.0; Win64; x64; rv:148.0) Gecko/20100101 Firefox/148.0"
94.158.52.217 - - [21/Feb/2026:20:23:16 +0500] "GET /apps/theming/theme/dark-highcontrast.css?plain=1&v=59ce39ca HTTP/1.1" 200 1532 "https://cloud.bigprom.uz/login?clear=1" "Mozilla/5.0 (Windows NT 10.0; Win64; x64; rv:148.0) Gecko/20100101 Firefox/148.0"
94.158.52.217 - - [21/Feb/2026:20:23:16 +0500] "GET /apps/theming/theme/light-highcontrast.css?plain=1&v=59ce39ca HTTP/1.1" 200 1473 "https://cloud.bigprom.uz/login?clear=1" "Mozilla/5.0 (Windows NT 10.0; Win64; x64; rv:148.0) Gecko/20100101 Firefox/148.0"
94.158.52.217 - - [21/Feb/2026:20:23:17 +0500] "GET /apps/theming/icon?v=59ce39ca HTTP/1.1" 200 15646 "https://cloud.bigprom.uz/login?clear=1" "Mozilla/5.0 (Windows NT 10.0; Win64; x64; rv:148.0) Gecko/20100101 Firefox/148.0"
94.158.52.217 - - [21/Feb/2026:20:23:17 +0500] "GET /apps/theming/favicon?v=59ce39ca HTTP/1.1" 200 4054 "https://cloud.bigprom.uz/login?clear=1" "Mozilla/5.0 (Windows NT 10.0; Win64; x64; rv:148.0) Gecko/20100101 Firefox/148.0"
94.158.52.217 - - [21/Feb/2026:20:23:32 +0500] "POST /login HTTP/1.1" 303 0 "https://cloud.bigprom.uz/login?clear=1" "Mozilla/5.0 (Windows NT 10.0; Win64; x64; rv:148.0) Gecko/20100101 Firefox/148.0"
94.158.52.217 - - [21/Feb/2026:20:23:33 +0500] "GET /apps/files/ HTTP/1.1" 200 12245 "-" "Mozilla/5.0 (Windows NT 10.0; Win64; x64; rv:148.0) Gecko/20100101 Firefox/148.0"
94.158.52.217 - - [21/Feb/2026:20:23:33 +0500] "GET /apps/files_versions/css/sidebar-tab.css?v=2c8ba077-0 HTTP/1.1" 404 31 "-" "Mozilla/5.0 (Windows NT 10.0; Win64; x64; rv:148.0) Gecko/20100101 Firefox/148.0"
94.158.52.217 - - [21/Feb/2026:20:23:34 +0500] "GET /js/core/merged-template-prepend.js?v=f65a2e8c-0 HTTP/1.1" 200 3334 "-" "Mozilla/5.0 (Windows NT 10.0; Win64; x64; rv:148.0) Gecko/20100101 Firefox/148.0"
94.158.52.217 - - [21/Feb/2026:20:23:35 +0500] "GET /apps/side_menu/css/stylesheet?v=0 HTTP/1.1" 200 325 "-" "Mozilla/5.0 (Windows NT 10.0; Win64; x64; rv:148.0) Gecko/20100101 Firefox/148.0"
94.158.52.217 - - [21/Feb/2026:20:23:35 +0500] "GET /apps/theming/theme/default.css?plain=1&v=5b74ed29 HTTP/1.1" 200 1452 "-" "Mozilla/5.0 (Windows NT 10.0; Win64; x64; rv:148.0) Gecko/20100101 Firefox/148.0"
94.158.52.217 - - [21/Feb/2026:20:23:35 +0500] "GET /apps/theming/theme/light.css?plain=0&v=5b74ed29 HTTP/1.1" 200 1464 "-" "Mozilla/5.0 (Windows NT 10.0; Win64; x64; rv:148.0) Gecko/20100101 Firefox/148.0"
