107.172.195.149 - - [21/Feb/2026:20:33:26 +0500] "GET /core/css/server.css%3Fv%3D5ad23228-0 HTTP/1.1" 404 1796 "-" "Mozilla/5.0 (Macintosh; Intel Mac OS X 10_15_7) AppleWebKit/537.36 (KHTML, like Gecko) Chrome/117.0.0.0 Safari/537.36"
94.158.52.217 - - [21/Feb/2026:20:33:26 +0500] "GET /apps/files/ HTTP/1.1" 200 12109 "-" "Mozilla/5.0 (Windows NT 10.0; Win64; x64; rv:148.0) Gecko/20100101 Firefox/148.0"
107.172.195.149 - - [21/Feb/2026:20:33:26 +0500] "GET /apps/theming/css/default.css%3Fv%3De680db09-0 HTTP/1.1" 404 1794 "-" "Mozilla/5.0 (Macintosh; Intel Mac OS X 10_15_7) AppleWebKit/537.36 (KHTML, like Gecko) Chrome/117.0.0.0 Safari/537.36"
107.172.195.149 - - [21/Feb/2026:20:33:26 +0500] "GET /core/css/guest.css%3Fv%3D5ad23228-0 HTTP/1.1" 404 1794 "-" "Mozilla/5.0 (Macintosh; Intel Mac OS X 10_15_7) AppleWebKit/537.36 (KHTML, like Gecko) Chrome/117.0.0.0 Safari/537.36"
107.172.195.149 - - [21/Feb/2026:20:33:26 +0500] "GET /apps/side_menu/css/stylesheet%3Fv%3D0 HTTP/1.1" 404 1796 "-" "Mozilla/5.0 (Macintosh; Intel Mac OS X 10_15_7) AppleWebKit/537.36 (KHTML, like Gecko) Chrome/117.0.0.0 Safari/537.36"
107.172.195.149 - - [21/Feb/2026:20:33:26 +0500] "GET /apps/theming/theme/opendyslexic.css%3Fplain%3D0%26v%3D59ce39ca HTTP/1.1" 404 1793 "-" "Mozilla/5.0 (Macintosh; Intel Mac OS X 10_15_7) AppleWebKit/537.36 (KHTML, like Gecko) Chrome/117.0.0.0 Safari/537.36"
94.158.52.217 - - [21/Feb/2026:20:33:26 +0500] "GET /apps/files_versions/css/sidebar-tab.css?v=c28d6a9e-0 HTTP/1.1" 404 31 "-" "Mozilla/5.0 (Windows NT 10.0; Win64; x64; rv:148.0) Gecko/20100101 Firefox/148.0"
94.158.52.217 - - [21/Feb/2026:20:33:26 +0500] "GET /apps/side_menu/css/stylesheet?v=0 HTTP/1.1" 200 325 "-" "Mozilla/5.0 (Windows NT 10.0; Win64; x64; rv:148.0) Gecko/20100101 Firefox/148.0"
107.172.195.149 - - [21/Feb/2026:20:33:26 +0500] "GET /apps/theming/theme/default.css%3Fplain%3D1%26v%3D59ce39ca HTTP/1.1" 404 1793 "-" "Mozilla/5.0 (Macintosh; Intel Mac OS X 10_15_7) AppleWebKit/537.36 (KHTML, like Gecko) Chrome/117.0.0.0 Safari/537.36"
107.172.195.149 - - [21/Feb/2026:20:33:26 +0500] "GET /apps/theming/theme/light.css%3Fplain%3D1%26v%3D59ce39ca HTTP/1.1" 404 1795 "-" "Mozilla/5.0 (Macintosh; Intel Mac OS X 10_15_7) AppleWebKit/537.36 (KHTML, like Gecko) Chrome/117.0.0.0 Safari/537.36"
94.158.52.217 - - [21/Feb/2026:20:33:27 +0500] "REPORT /remote.php/dav/files/service.bigprom/ HTTP/1.1" 207 167 "-" "Mozilla/5.0 (Windows NT 10.0; Win64; x64; rv:148.0) Gecko/20100101 Firefox/148.0"
94.158.52.217 - - [21/Feb/2026:20:33:27 +0500] "GET /index.php/apps/files/preview-service-worker.js HTTP/1.1" 200 5355 "-" "Mozilla/5.0 (Windows NT 10.0; Win64; x64; rv:148.0) Gecko/20100101 Firefox/148.0"
94.158.52.217 - - [21/Feb/2026:20:33:27 +0500] "GET /apps/side_menu/nav/items HTTP/1.1" 200 419 "-" "Mozilla/5.0 (Windows NT 10.0; Win64; x64; rv:148.0) Gecko/20100101 Firefox/148.0"
94.158.52.217 - - [21/Feb/2026:20:33:27 +0500] "PROPFIND /remote.php/dav/files/service.bigprom/ HTTP/1.1" 207 1093 "-" "Mozilla/5.0 (Windows NT 10.0; Win64; x64; rv:148.0) Gecko/20100101 Firefox/148.0"
94.158.52.217 - - [21/Feb/2026:20:33:27 +0500] "GET /contactsmenu/teams HTTP/1.1" 200 22 "-" "Mozilla/5.0 (Windows NT 10.0; Win64; x64; rv:148.0) Gecko/20100101 Firefox/148.0"
94.158.52.217 - - [21/Feb/2026:20:33:27 +0500] "GET /ocs/v2.php/apps/user_status/api/v1/user_status HTTP/1.1" 200 157 "-" "Mozilla/5.0 (Windows NT 10.0; Win64; x64; rv:148.0) Gecko/20100101 Firefox/148.0"
94.158.52.217 - - [21/Feb/2026:20:33:27 +0500] "PUT /ocs/v2.php/apps/user_status/api/v1/heartbeat?format=json HTTP/1.1" 200 157 "-" "Mozilla/5.0 (Windows NT 10.0; Win64; x64; rv:148.0) Gecko/20100101 Firefox/148.0"
94.158.52.217 - - [21/Feb/2026:20:33:27 +0500] "GET /apps/side_menu/js/config HTTP/1.1" 200 274 "-" "Mozilla/5.0 (Windows NT 10.0; Win64; x64; rv:148.0) Gecko/20100101 Firefox/148.0"
94.158.52.217 - - [21/Feb/2026:20:33:27 +0500] "GET /core/mimeicon?mime=application%2Fvnd.openxmlformats-officedocument.wordprocessingml.document HTTP/1.1" 303 0 "-" "Mozilla/5.0 (Windows NT 10.0; Win64; x64; rv:148.0) Gecko/20100101 Firefox/148.0"
94.158.52.217 - - [21/Feb/2026:20:33:27 +0500] "GET /ocs/v2.php/apps/notifications/api/v2/notifications HTTP/1.1" 200 84 "-" "Mozilla/5.0 (Windows NT 10.0; Win64; x64; rv:148.0) Gecko/20100101 Firefox/148.0"
94.158.52.217 - - [21/Feb/2026:20:33:28 +0500] "GET /apps/side_menu/js/config HTTP/1.1" 200 274 "-" "Mozilla/5.0 (Windows NT 10.0; Win64; x64; rv:148.0) Gecko/20100101 Firefox/148.0"
94.158.52.217 - - [21/Feb/2026:20:33:28 +0500] "GET /apps/side_menu/core/apps HTTP/1.1" 200 358 "-" "Mozilla/5.0 (Windows NT 10.0; Win64; x64; rv:148.0) Gecko/20100101 Firefox/148.0"
94.158.52.217 - - [21/Feb/2026:20:33:28 +0500] "GET /index.php/apps/files/preview-service-worker.js HTTP/1.1" 200 5355 "-" "Mozilla/5.0 (Windows NT 10.0; Win64; x64; rv:148.0) Gecko/20100101 Firefox/148.0"
94.158.52.217 - - [21/Feb/2026:20:33:57 +0500] "GET /ocs/v2.php/apps/notifications/api/v2/notifications HTTP/1.1" 304 0 "-" "Mozilla/5.0 (Windows NT 10.0; Win64; x64; rv:148.0) Gecko/20100101 Firefox/148.0"
94.158.52.217 - - [21/Feb/2026:20:34:10 +0500] "PUT /ocs/v2.php/apps/user_status/api/v1/heartbeat?format=json HTTP/1.1" 200 157 "-" "Mozilla/5.0 (Windows NT 10.0; Win64; x64; rv:148.0) Gecko/20100101 Firefox/148.0"
146.70.185.32 - - [21/Feb/2026:20:34:11 +0500] "HEAD / HTTP/1.1" 302 0 "-" "Mozilla/5.0 (Windows NT 10.0; Win64; x64) AppleWebKit/537.36 (KHTML, like Gecko) Chrome/58.0.3029.110 Safari/537.3"
146.70.185.32 - - [21/Feb/2026:20:34:12 +0500] "HEAD /login HTTP/1.1" 200 0 "-" "Mozilla/5.0 (Windows NT 10.0; Win64; x64) AppleWebKit/537.36 (KHTML, like Gecko) Chrome/58.0.3029.110 Safari/537.3"
94.158.52.217 - - [21/Feb/2026:20:34:28 +0500] "GET /ocs/v2.php/apps/notifications/api/v2/notifications HTTP/1.1" 304 0 "-" "Mozilla/5.0 (Windows NT 10.0; Win64; x64; rv:148.0) Gecko/20100101 Firefox/148.0"
195.123.244.84 - - [21/Feb/2026:20:34:51 +0500] "HEAD / HTTP/1.1" 302 0 "http://cloud.realtrade.uz" "Mozilla/5.0 (Windows NT 11.0; Win64; x64) AppleWebKit/537.36 (KHTML, like Gecko) Chrome/119.0.0.0 Safari/537.36"
195.123.244.84 - - [21/Feb/2026:20:34:51 +0500] "HEAD /login HTTP/1.1" 200 0 "https://cloud.realtrade.uz/" "Mozilla/5.0 (Windows NT 11.0; Win64; x64) AppleWebKit/537.36 (KHTML, like Gecko) Chrome/119.0.0.0 Safari/537.36"
195.123.244.84 - - [21/Feb/2026:20:34:51 +0500] "GET / HTTP/1.1" 302 5 "http://cloud.realtrade.uz" "Mozilla/5.0 (Macintosh; Intel Mac OS X 10_15_7) AppleWebKit/605.1.15 (KHTML, like Gecko) Version/17.2 Safari/605.1.15"
195.123.244.84 - - [21/Feb/2026:20:34:52 +0500] "GET /login HTTP/1.1" 200 7577 "https://cloud.realtrade.uz/" "Mozilla/5.0 (Macintosh; Intel Mac OS X 10_15_7) AppleWebKit/605.1.15 (KHTML, like Gecko) Version/17.2 Safari/605.1.15"
94.158.52.217 - - [21/Feb/2026:20:34:58 +0500] "GET /ocs/v2.php/apps/notifications/api/v2/notifications HTTP/1.1" 304 0 "-" "Mozilla/5.0 (Windows NT 10.0; Win64; x64; rv:148.0) Gecko/20100101 Firefox/148.0"
94.158.52.217 - - [21/Feb/2026:20:35:28 +0500] "GET /ocs/v2.php/apps/notifications/api/v2/notifications HTTP/1.1" 304 0 "-" "Mozilla/5.0 (Windows NT 10.0; Win64; x64; rv:148.0) Gecko/20100101 Firefox/148.0"
94.158.52.217 - - [21/Feb/2026:20:35:34 +0500] "PUT /ocs/v2.php/apps/user_status/api/v1/heartbeat?format=json HTTP/1.1" 200 157 "-" "Mozilla/5.0 (Windows NT 10.0; Win64; x64; rv:148.0) Gecko/20100101 Firefox/148.0"
94.158.52.217 - - [21/Feb/2026:20:35:58 +0500] "GET /ocs/v2.php/apps/notifications/api/v2/notifications HTTP/1.1" 304 0 "-" "Mozilla/5.0 (Windows NT 10.0; Win64; x64; rv:148.0) Gecko/20100101 Firefox/148.0"
94.158.52.217 - - [21/Feb/2026:20:36:10 +0500] "GET /csrftoken HTTP/1.1" 200 124 "-" "Mozilla/5.0 (Windows NT 10.0; Win64; x64; rv:148.0) Gecko/20100101 Firefox/148.0"
94.158.52.217 - - [21/Feb/2026:20:36:28 +0500] "GET /ocs/v2.php/apps/notifications/api/v2/notifications HTTP/1.1" 304 0 "-" "Mozilla/5.0 (Windows NT 10.0; Win64; x64; rv:148.0) Gecko/20100101 Firefox/148.0"
94.158.52.217 - - [21/Feb/2026:20:36:58 +0500] "GET /ocs/v2.php/apps/notifications/api/v2/notifications HTTP/1.1" 304 0 "-" "Mozilla/5.0 (Windows NT 10.0; Win64; x64; rv:148.0) Gecko/20100101 Firefox/148.0"
94.158.52.217 - - [21/Feb/2026:20:37:28 +0500] "GET /ocs/v2.php/apps/notifications/api/v2/notifications HTTP/1.1" 304 0 "-" "Mozilla/5.0 (Windows NT 10.0; Win64; x64; rv:148.0) Gecko/20100101 Firefox/148.0"
94.158.52.217 - - [21/Feb/2026:20:37:58 +0500] "GET /ocs/v2.php/apps/notifications/api/v2/notifications HTTP/1.1" 304 0 "-" "Mozilla/5.0 (Windows NT 10.0; Win64; x64; rv:148.0) Gecko/20100101 Firefox/148.0"
94.158.52.217 - - [21/Feb/2026:20:38:21 +0500] "PUT /ocs/v2.php/apps/user_status/api/v1/heartbeat?format=json HTTP/1.1" 200 157 "-" "Mozilla/5.0 (Windows NT 10.0; Win64; x64; rv:148.0) Gecko/20100101 Firefox/148.0"
94.158.52.217 - - [21/Feb/2026:20:38:28 +0500] "PUT /ocs/v2.php/apps/user_status/api/v1/heartbeat?format=json HTTP/1.1" 200 157 "-" "Mozilla/5.0 (Windows NT 10.0; Win64; x64; rv:148.0) Gecko/20100101 Firefox/148.0"
94.158.52.217 - - [21/Feb/2026:20:38:28 +0500] "GET /ocs/v2.php/apps/notifications/api/v2/notifications HTTP/1.1" 304 0 "-" "Mozilla/5.0 (Windows NT 10.0; Win64; x64; rv:148.0) Gecko/20100101 Firefox/148.0"
94.158.52.217 - - [21/Feb/2026:20:38:58 +0500] "GET /ocs/v2.php/apps/notifications/api/v2/notifications HTTP/1.1" 304 0 "-" "Mozilla/5.0 (Windows NT 10.0; Win64; x64; rv:148.0) Gecko/20100101 Firefox/148.0"
94.158.52.217 - - [21/Feb/2026:20:39:10 +0500] "PUT /ocs/v2.php/apps/user_status/api/v1/heartbeat?format=json HTTP/1.1" 200 157 "-" "Mozilla/5.0 (Windows NT 10.0; Win64; x64; rv:148.0) Gecko/20100101 Firefox/148.0"
94.158.52.217 - - [21/Feb/2026:20:39:28 +0500] "GET /ocs/v2.php/apps/notifications/api/v2/notifications HTTP/1.1" 304 0 "-" "Mozilla/5.0 (Windows NT 10.0; Win64; x64; rv:148.0) Gecko/20100101 Firefox/148.0"
94.158.52.217 - - [21/Feb/2026:20:40:02 +0500] "GET /ocs/v2.php/apps/notifications/api/v2/notifications HTTP/1.1" 304 0 "-" "Mozilla/5.0 (Windows NT 10.0; Win64; x64; rv:148.0) Gecko/20100101 Firefox/148.0"
64.15.129.110 - - [21/Feb/2026:20:40:13 +0500] "GET / HTTP/1.1" 302 5 "http://cloud.bigprom.uz/" "Mozilla/5.0 (Windows NT 10.0; Win64; x64) AppleWebKit/537.36 (KHTML, like Gecko) Chrome/145.0.0.0 Safari/537.36"
64.15.129.110 - - [21/Feb/2026:20:40:13 +0500] "GET /login HTTP/1.1" 200 22100 "https://cloud.bigprom.uz/" "Mozilla/5.0 (Windows NT 10.0; Win64; x64) AppleWebKit/537.36 (KHTML, like Gecko) Chrome/145.0.0.0 Safari/537.36"
64.15.129.118 - - [21/Feb/2026:20:40:14 +0500] "GET / HTTP/1.1" 302 5 "http://cloud.bigprom.uz/" "Mozilla/5.0 (Windows NT 10.0; Win64; x64) AppleWebKit/537.36 (KHTML, like Gecko) Chrome/145.0.0.0 Safari/537.36"
64.15.129.118 - - [21/Feb/2026:20:40:14 +0500] "GET /login HTTP/1.1" 200 22100 "https://cloud.bigprom.uz/" "Mozilla/5.0 (Windows NT 10.0; Win64; x64) AppleWebKit/537.36 (KHTML, like Gecko) Chrome/145.0.0.0 Safari/537.36"
192.175.111.240 - - [21/Feb/2026:20:40:14 +0500] "GET /favicon.ico HTTP/1.1" 404 6014 "http://cloud.bigprom.uz/favicon.ico" "Mozilla/5.0 (Windows NT 10.0; Win64; x64) AppleWebKit/537.36 (KHTML, like Gecko) Chrome/145.0.0.0 Safari/537.36"
192.175.111.246 - - [21/Feb/2026:20:40:15 +0500] "GET /apps/theming/favicon?v=59ce39ca HTTP/1.1" 200 90022 "http://cloud.bigprom.uz/apps/theming/favicon?v=59ce39ca" "Mozilla/5.0 (Windows NT 10.0; Win64; x64) AppleWebKit/537.36 (KHTML, like Gecko) Chrome/145.0.0.0 Safari/537.36"
192.175.111.249 - - [21/Feb/2026:20:40:16 +0500] "GET /apps/theming/icon?v=59ce39ca HTTP/1.1" 200 15646 "http://cloud.bigprom.uz/apps/theming/icon?v=59ce39ca" "Mozilla/5.0 (Windows NT 10.0; Win64; x64) AppleWebKit/537.36 (KHTML, like Gecko) Chrome/145.0.0.0 Safari/537.36"
192.175.111.251 - - [21/Feb/2026:20:40:17 +0500] "GET / HTTP/1.1" 302 5 "http://cloud.bigprom.uz/" "Mozilla/5.0 (Windows NT 10.0; Win64; x64) AppleWebKit/537.36 (KHTML, like Gecko) Chrome/145.0.0.0 Safari/537.36"
192.175.111.251 - - [21/Feb/2026:20:40:18 +0500] "GET /login HTTP/1.1" 200 22100 "https://cloud.bigprom.uz/" "Mozilla/5.0 (Windows NT 10.0; Win64; x64) AppleWebKit/537.36 (KHTML, like Gecko) Chrome/145.0.0.0 Safari/537.36"
64.15.129.126 - - [21/Feb/2026:20:40:18 +0500] "GET / HTTP/1.1" 302 5 "-" "Mozilla/5.0 (Windows NT 10.0; Win64; x64) AppleWebKit/537.36 (KHTML, like Gecko) Chrome/145.0.0.0 Safari/537.36"
64.15.129.126 - - [21/Feb/2026:20:40:18 +0500] "GET /login HTTP/1.1" 200 22100 "https://cloud.bigprom.uz/" "Mozilla/5.0 (Windows NT 10.0; Win64; x64) AppleWebKit/537.36 (KHTML, like Gecko) Chrome/145.0.0.0 Safari/537.36"
64.15.129.113 - - [21/Feb/2026:20:40:19 +0500] "GET / HTTP/1.1" 302 5 "http://cloud.bigprom.uz/" "Mozilla/5.0 (Windows NT 10.0; Win64; x64) AppleWebKit/537.36 (KHTML, like Gecko) Chrome/145.0.0.0 Safari/537.36"
64.15.129.113 - - [21/Feb/2026:20:40:19 +0500] "GET /login HTTP/1.1" 200 22100 "https://cloud.bigprom.uz/" "Mozilla/5.0 (Windows NT 10.0; Win64; x64) AppleWebKit/537.36 (KHTML, like Gecko) Chrome/145.0.0.0 Safari/537.36"
94.158.52.217 - - [21/Feb/2026:20:40:32 +0500] "GET /ocs/v2.php/apps/notifications/api/v2/notifications HTTP/1.1" 304 0 "-" "Mozilla/5.0 (Windows NT 10.0; Win64; x64; rv:148.0) Gecko/20100101 Firefox/148.0"
94.158.52.217 - - [21/Feb/2026:20:41:02 +0500] "GET /ocs/v2.php/apps/notifications/api/v2/notifications HTTP/1.1" 304 0 "-" "Mozilla/5.0 (Windows NT 10.0; Win64; x64; rv:148.0) Gecko/20100101 Firefox/148.0"
94.158.52.217 - - [21/Feb/2026:20:41:32 +0500] "GET /ocs/v2.php/apps/notifications/api/v2/notifications HTTP/1.1" 304 0 "-" "Mozilla/5.0 (Windows NT 10.0; Win64; x64; rv:148.0) Gecko/20100101 Firefox/148.0"
94.158.52.217 - - [21/Feb/2026:20:42:02 +0500] "GET /ocs/v2.php/apps/notifications/api/v2/notifications HTTP/1.1" 304 0 "-" "Mozilla/5.0 (Windows NT 10.0; Win64; x64; rv:148.0) Gecko/20100101 Firefox/148.0"
94.158.52.217 - - [21/Feb/2026:20:42:32 +0500] "GET /ocs/v2.php/apps/notifications/api/v2/notifications HTTP/1.1" 304 0 "-" "Mozilla/5.0 (Windows NT 10.0; Win64; x64; rv:148.0) Gecko/20100101 Firefox/148.0"
94.158.52.217 - - [21/Feb/2026:20:43:03 +0500] "GET /ocs/v2.php/apps/notifications/api/v2/notifications HTTP/1.1" 304 0 "-" "Mozilla/5.0 (Windows NT 10.0; Win64; x64; rv:148.0) Gecko/20100101 Firefox/148.0"
94.158.52.217 - - [21/Feb/2026:20:43:28 +0500] "PUT /ocs/v2.php/apps/user_status/api/v1/heartbeat?format=json HTTP/1.1" 200 157 "-" "Mozilla/5.0 (Windows NT 10.0; Win64; x64; rv:148.0) Gecko/20100101 Firefox/148.0"
94.158.52.217 - - [21/Feb/2026:20:43:33 +0500] "GET /ocs/v2.php/apps/notifications/api/v2/notifications HTTP/1.1" 304 0 "-" "Mozilla/5.0 (Windows NT 10.0; Win64; x64; rv:148.0) Gecko/20100101 Firefox/148.0"
94.158.52.217 - - [21/Feb/2026:20:44:04 +0500] "GET /ocs/v2.php/apps/notifications/api/v2/notifications HTTP/1.1" 304 0 "-" "Mozilla/5.0 (Windows NT 10.0; Win64; x64; rv:148.0) Gecko/20100101 Firefox/148.0"
94.158.52.217 - - [21/Feb/2026:20:44:10 +0500] "PUT /ocs/v2.php/apps/user_status/api/v1/heartbeat?format=json HTTP/1.1" 200 157 "-" "Mozilla/5.0 (Windows NT 10.0; Win64; x64; rv:148.0) Gecko/20100101 Firefox/148.0"
94.158.52.217 - - [21/Feb/2026:20:44:37 +0500] "GET /ocs/v2.php/apps/notifications/api/v2/notifications HTTP/1.1" 304 0 "-" "Mozilla/5.0 (Windows NT 10.0; Win64; x64; rv:148.0) Gecko/20100101 Firefox/148.0"
94.158.52.217 - - [21/Feb/2026:20:45:07 +0500] "GET /ocs/v2.php/apps/notifications/api/v2/notifications HTTP/1.1" 304 0 "-" "Mozilla/5.0 (Windows NT 10.0; Win64; x64; rv:148.0) Gecko/20100101 Firefox/148.0"
91.231.89.101 - - [21/Feb/2026:20:45:10 +0500] "GET / HTTP/1.1" 302 5 "-" "Mozilla/5.0 (X11; Ubuntu; Linux x86_64; rv:134.0) Gecko/20100101 Firefox/134.0"
94.158.52.217 - - [21/Feb/2026:20:45:27 +0500] "GET /csrftoken HTTP/1.1" 200 121 "-" "Mozilla/5.0 (Windows NT 10.0; Win64; x64; rv:148.0) Gecko/20100101 Firefox/148.0"
94.158.52.217 - - [21/Feb/2026:20:45:37 +0500] "GET /ocs/v2.php/apps/notifications/api/v2/notifications HTTP/1.1" 304 0 "-" "Mozilla/5.0 (Windows NT 10.0; Win64; x64; rv:148.0) Gecko/20100101 Firefox/148.0"
94.158.52.217 - - [21/Feb/2026:20:46:07 +0500] "GET /ocs/v2.php/apps/notifications/api/v2/notifications HTTP/1.1" 304 0 "-" "Mozilla/5.0 (Windows NT 10.0; Win64; x64; rv:148.0) Gecko/20100101 Firefox/148.0"
94.158.52.217 - - [21/Feb/2026:20:46:37 +0500] "GET /ocs/v2.php/apps/notifications/api/v2/notifications HTTP/1.1" 304 0 "-" "Mozilla/5.0 (Windows NT 10.0; Win64; x64; rv:148.0) Gecko/20100101 Firefox/148.0"
94.158.52.217 - - [21/Feb/2026:20:47:07 +0500] "GET /ocs/v2.php/apps/notifications/api/v2/notifications HTTP/1.1" 304 0 "-" "Mozilla/5.0 (Windows NT 10.0; Win64; x64; rv:148.0) Gecko/20100101 Firefox/148.0"
91.231.89.101 - - [21/Feb/2026:20:47:30 +0500] "GET / HTTP/1.1" 302 5 "-" "Mozilla/5.0 (X11; Ubuntu; Linux x86_64; rv:134.0) Gecko/20100101 Firefox/134.0"
94.158.52.217 - - [21/Feb/2026:20:47:37 +0500] "GET /ocs/v2.php/apps/notifications/api/v2/notifications HTTP/1.1" 304 0 "-" "Mozilla/5.0 (Windows NT 10.0; Win64; x64; rv:148.0) Gecko/20100101 Firefox/148.0"
94.158.52.217 - - [21/Feb/2026:20:48:08 +0500] "GET /ocs/v2.php/apps/notifications/api/v2/notifications HTTP/1.1" 304 0 "-" "Mozilla/5.0 (Windows NT 10.0; Win64; x64; rv:148.0) Gecko/20100101 Firefox/148.0"
94.158.52.217 - - [21/Feb/2026:20:48:10 +0500] "GET /csrftoken HTTP/1.1" 200 121 "-" "Mozilla/5.0 (Windows NT 10.0; Win64; x64; rv:148.0) Gecko/20100101 Firefox/148.0"
94.158.52.217 - - [21/Feb/2026:20:48:28 +0500] "PUT /ocs/v2.php/apps/user_status/api/v1/heartbeat?format=json HTTP/1.1" 200 157 "-" "Mozilla/5.0 (Windows NT 10.0; Win64; x64; rv:148.0) Gecko/20100101 Firefox/148.0"
94.158.52.217 - - [21/Feb/2026:20:48:38 +0500] "GET /ocs/v2.php/apps/notifications/api/v2/notifications HTTP/1.1" 304 0 "-" "Mozilla/5.0 (Windows NT 10.0; Win64; x64; rv:148.0) Gecko/20100101 Firefox/148.0"
94.158.52.217 - - [21/Feb/2026:20:49:08 +0500] "GET /ocs/v2.php/apps/notifications/api/v2/notifications HTTP/1.1" 304 0 "-" "Mozilla/5.0 (Windows NT 10.0; Win64; x64; rv:148.0) Gecko/20100101 Firefox/148.0"
94.158.52.217 - - [21/Feb/2026:20:49:10 +0500] "PUT /ocs/v2.php/apps/user_status/api/v1/heartbeat?format=json HTTP/1.1" 200 157 "-" "Mozilla/5.0 (Windows NT 10.0; Win64; x64; rv:148.0) Gecko/20100101 Firefox/148.0"
94.158.52.217 - - [21/Feb/2026:20:49:38 +0500] "GET /ocs/v2.php/apps/notifications/api/v2/notifications HTTP/1.1" 304 0 "-" "Mozilla/5.0 (Windows NT 10.0; Win64; x64; rv:148.0) Gecko/20100101 Firefox/148.0"
94.158.52.217 - - [21/Feb/2026:20:50:08 +0500] "GET /ocs/v2.php/apps/notifications/api/v2/notifications HTTP/1.1" 304 0 "-" "Mozilla/5.0 (Windows NT 10.0; Win64; x64; rv:148.0) Gecko/20100101 Firefox/148.0"
94.158.52.217 - - [21/Feb/2026:20:50:38 +0500] "GET /ocs/v2.php/apps/notifications/api/v2/notifications HTTP/1.1" 304 0 "-" "Mozilla/5.0 (Windows NT 10.0; Win64; x64; rv:148.0) Gecko/20100101 Firefox/148.0"
94.158.52.217 - - [21/Feb/2026:20:51:08 +0500] "GET /ocs/v2.php/apps/notifications/api/v2/notifications HTTP/1.1" 304 0 "-" "Mozilla/5.0 (Windows NT 10.0; Win64; x64; rv:148.0) Gecko/20100101 Firefox/148.0"
91.196.152.70 - - [21/Feb/2026:20:51:35 +0500] "GET / HTTP/1.1" 302 5 "-" "Mozilla/5.0 (X11; Ubuntu; Linux x86_64; rv:134.0) Gecko/20100101 Firefox/134.0"
94.158.52.217 - - [21/Feb/2026:20:51:38 +0500] "GET /ocs/v2.php/apps/notifications/api/v2/notifications HTTP/1.1" 304 0 "-" "Mozilla/5.0 (Windows NT 10.0; Win64; x64; rv:148.0) Gecko/20100101 Firefox/148.0"
94.158.52.217 - - [21/Feb/2026:20:52:08 +0500] "GET /ocs/v2.php/apps/notifications/api/v2/notifications HTTP/1.1" 304 0 "-" "Mozilla/5.0 (Windows NT 10.0; Win64; x64; rv:148.0) Gecko/20100101 Firefox/148.0"
94.158.52.217 - - [21/Feb/2026:20:52:38 +0500] "GET /ocs/v2.php/apps/notifications/api/v2/notifications HTTP/1.1" 304 0 "-" "Mozilla/5.0 (Windows NT 10.0; Win64; x64; rv:148.0) Gecko/20100101 Firefox/148.0"
91.196.152.85 - - [21/Feb/2026:20:52:49 +0500] "GET /login HTTP/1.1" 200 17834 "-" "Mozilla/5.0 (X11; Ubuntu; Linux x86_64; rv:134.0) Gecko/20100101 Firefox/134.0"
91.196.152.58 - - [21/Feb/2026:20:52:49 +0500] "GET /favicon.ico HTTP/1.1" 404 5167 "-" "Mozilla/5.0 (X11; Ubuntu; Linux x86_64; rv:134.0) Gecko/20100101 Firefox/134.0"
94.158.52.217 - - [21/Feb/2026:20:53:08 +0500] "GET /ocs/v2.php/apps/notifications/api/v2/notifications HTTP/1.1" 304 0 "-" "Mozilla/5.0 (Windows NT 10.0; Win64; x64; rv:148.0) Gecko/20100101 Firefox/148.0"
94.158.52.217 - - [21/Feb/2026:20:53:28 +0500] "PUT /ocs/v2.php/apps/user_status/api/v1/heartbeat?format=json HTTP/1.1" 200 157 "-" "Mozilla/5.0 (Windows NT 10.0; Win64; x64; rv:148.0) Gecko/20100101 Firefox/148.0"
94.158.52.217 - - [21/Feb/2026:20:53:39 +0500] "GET /ocs/v2.php/apps/notifications/api/v2/notifications HTTP/1.1" 304 0 "-" "Mozilla/5.0 (Windows NT 10.0; Win64; x64; rv:148.0) Gecko/20100101 Firefox/148.0"
94.158.52.217 - - [21/Feb/2026:20:54:08 +0500] "GET /ocs/v2.php/apps/notifications/api/v2/notifications HTTP/1.1" 304 0 "-" "Mozilla/5.0 (Windows NT 10.0; Win64; x64; rv:148.0) Gecko/20100101 Firefox/148.0"
94.158.52.217 - - [21/Feb/2026:20:54:10 +0500] "PUT /ocs/v2.php/apps/user_status/api/v1/heartbeat?format=json HTTP/1.1" 200 157 "-" "Mozilla/5.0 (Windows NT 10.0; Win64; x64; rv:148.0) Gecko/20100101 Firefox/148.0"
103.4.250.52 - - [21/Feb/2026:20:54:24 +0500] "GET / HTTP/1.1" 302 5 "-" "Mozilla/5.0 (iPhone; CPU iPhone OS 18_7_3 like Mac OS X) AppleWebKit/605.1.15 (KHTML, like Gecko) CriOS/143.0.7499.151 Mobile/15E148 Safari/604.1"
103.4.250.52 - - [21/Feb/2026:20:54:24 +0500] "GET /login HTTP/1.1" 200 6732 "-" "Mozilla/5.0 (iPhone; CPU iPhone OS 18_7_3 like Mac OS X) AppleWebKit/605.1.15 (KHTML, like Gecko) CriOS/143.0.7499.151 Mobile/15E148 Safari/604.1"
103.4.250.52 - - [21/Feb/2026:20:54:25 +0500] "GET /apps/side_menu/css/stylesheet?v=0 HTTP/1.1" 200 325 "-" "Mozilla/5.0 (iPhone; CPU iPhone OS 18_7_3 like Mac OS X) AppleWebKit/605.1.15 (KHTML, like Gecko) CriOS/143.0.7499.151 Mobile/15E148 Safari/604.1"
103.4.250.52 - - [21/Feb/2026:20:54:25 +0500] "GET /apps/theming/theme/default.css?plain=1&v=59ce39ca HTTP/1.1" 200 1452 "https://cloud.bigprom.uz/login" "Mozilla/5.0 (iPhone; CPU iPhone OS 18_7_3 like Mac OS X) AppleWebKit/605.1.15 (KHTML, like Gecko) CriOS/143.0.7499.151 Mobile/15E148 Safari/604.1"
103.4.250.52 - - [21/Feb/2026:20:54:25 +0500] "GET /apps/theming/theme/light.css?plain=1&v=59ce39ca HTTP/1.1" 200 1452 "https://cloud.bigprom.uz/login" "Mozilla/5.0 (iPhone; CPU iPhone OS 18_7_3 like Mac OS X) AppleWebKit/605.1.15 (KHTML, like Gecko) CriOS/143.0.7499.151 Mobile/15E148 Safari/604.1"
103.4.250.52 - - [21/Feb/2026:20:54:25 +0500] "GET /apps/theming/theme/light.css?plain=0&v=59ce39ca HTTP/1.1" 200 1464 "https://cloud.bigprom.uz/login" "Mozilla/5.0 (iPhone; CPU iPhone OS 18_7_3 like Mac OS X) AppleWebKit/605.1.15 (KHTML, like Gecko) CriOS/143.0.7499.151 Mobile/15E148 Safari/604.1"
103.4.250.52 - - [21/Feb/2026:20:54:25 +0500] "GET /apps/theming/theme/dark.css?plain=0&v=59ce39ca HTTP/1.1" 200 1490 "https://cloud.bigprom.uz/login" "Mozilla/5.0 (iPhone; CPU iPhone OS 18_7_3 like Mac OS X) AppleWebKit/605.1.15 (KHTML, like Gecko) CriOS/143.0.7499.151 Mobile/15E148 Safari/604.1"
103.4.250.52 - - [21/Feb/2026:20:54:25 +0500] "GET /apps/theming/theme/light-highcontrast.css?plain=0&v=59ce39ca HTTP/1.1" 200 1489 "https://cloud.bigprom.uz/login" "Mozilla/5.0 (iPhone; CPU iPhone OS 18_7_3 like Mac OS X) AppleWebKit/605.1.15 (KHTML, like Gecko) CriOS/143.0.7499.151 Mobile/15E148 Safari/604.1"
103.4.250.52 - - [21/Feb/2026:20:54:25 +0500] "GET /apps/theming/theme/dark-highcontrast.css?plain=0&v=59ce39ca HTTP/1.1" 200 1548 "https://cloud.bigprom.uz/login" "Mozilla/5.0 (iPhone; CPU iPhone OS 18_7_3 like Mac OS X) AppleWebKit/605.1.15 (KHTML, like Gecko) CriOS/143.0.7499.151 Mobile/15E148 Safari/604.1"
103.4.250.52 - - [21/Feb/2026:20:54:25 +0500] "GET /apps/theming/theme/opendyslexic.css?plain=0&v=59ce39ca HTTP/1.1" 200 336 "https://cloud.bigprom.uz/login" "Mozilla/5.0 (iPhone; CPU iPhone OS 18_7_3 like Mac OS X) AppleWebKit/605.1.15 (KHTML, like Gecko) CriOS/143.0.7499.151 Mobile/15E148 Safari/604.1"
103.4.250.52 - - [21/Feb/2026:20:54:25 +0500] "GET /apps/theming/theme/dark.css?plain=1&v=59ce39ca HTTP/1.1" 200 1478 "https://cloud.bigprom.uz/login" "Mozilla/5.0 (iPhone; CPU iPhone OS 18_7_3 like Mac OS X) AppleWebKit/605.1.15 (KHTML, like Gecko) CriOS/143.0.7499.151 Mobile/15E148 Safari/604.1"
103.4.250.52 - - [21/Feb/2026:20:54:25 +0500] "GET /apps/theming/theme/light-highcontrast.css?plain=1&v=59ce39ca HTTP/1.1" 200 1473 "https://cloud.bigprom.uz/login" "Mozilla/5.0 (iPhone; CPU iPhone OS 18_7_3 like Mac OS X) AppleWebKit/605.1.15 (KHTML, like Gecko) CriOS/143.0.7499.151 Mobile/15E148 Safari/604.1"
103.4.250.52 - - [21/Feb/2026:20:54:25 +0500] "GET /apps/theming/theme/dark-highcontrast.css?plain=1&v=59ce39ca HTTP/1.1" 200 1532 "https://cloud.bigprom.uz/login" "Mozilla/5.0 (iPhone; CPU iPhone OS 18_7_3 like Mac OS X) AppleWebKit/605.1.15 (KHTML, like Gecko) CriOS/143.0.7499.151 Mobile/15E148 Safari/604.1"
103.4.250.52 - - [21/Feb/2026:20:54:26 +0500] "GET /core/img/manifest.json HTTP/1.1" 200 209 "https://cloud.bigprom.uz/login" "Mozilla/5.0 (iPhone; CPU iPhone OS 18_7_3 like Mac OS X) AppleWebKit/605.1.15 (KHTML, like Gecko) CriOS/143.0.7499.151 Mobile/15E148 Safari/604.1"
103.4.250.52 - - [21/Feb/2026:20:54:26 +0500] "GET /apps/side_menu/nav/items HTTP/1.1" 200 32 "https://cloud.bigprom.uz/login" "Mozilla/5.0 (iPhone; CPU iPhone OS 18_7_3 like Mac OS X) AppleWebKit/605.1.15 (KHTML, like Gecko) CriOS/143.0.7499.151 Mobile/15E148 Safari/604.1"
103.4.250.52 - - [21/Feb/2026:20:54:26 +0500] "GET /apps/theming/favicon?v=59ce39ca HTTP/1.1" 200 4054 "https://cloud.bigprom.uz/login" "Mozilla/5.0 (iPhone; CPU iPhone OS 18_7_3 like Mac OS X) AppleWebKit/605.1.15 (KHTML, like Gecko) CriOS/143.0.7499.151 Mobile/15E148 Safari/604.1"
103.4.250.52 - - [21/Feb/2026:20:54:26 +0500] "GET /apps/side_menu/js/config HTTP/1.1" 200 274 "https://cloud.bigprom.uz/login" "Mozilla/5.0 (iPhone; CPU iPhone OS 18_7_3 like Mac OS X) AppleWebKit/605.1.15 (KHTML, like Gecko) CriOS/143.0.7499.151 Mobile/15E148 Safari/604.1"
94.158.52.217 - - [21/Feb/2026:20:54:38 +0500] "GET /ocs/v2.php/apps/notifications/api/v2/notifications HTTP/1.1" 304 0 "-" "Mozilla/5.0 (Windows NT 10.0; Win64; x64; rv:148.0) Gecko/20100101 Firefox/148.0"
92.114.81.10 - - [21/Feb/2026:20:54:44 +0500] "GET / HTTP/1.1" 302 5 "-" "Mozilla/5.0 (iPhone; CPU iPhone OS 18_7_3 like Mac OS X) AppleWebKit/605.1.15 (KHTML, like Gecko) CriOS/143.0.7499.151 Mobile/15E148 Safari/604.1"
92.114.81.10 - - [21/Feb/2026:20:54:44 +0500] "GET /login HTTP/1.1" 200 6731 "-" "Mozilla/5.0 (iPhone; CPU iPhone OS 18_7_3 like Mac OS X) AppleWebKit/605.1.15 (KHTML, like Gecko) CriOS/143.0.7499.151 Mobile/15E148 Safari/604.1"
213.188.90.171 - - [21/Feb/2026:20:54:45 +0500] "GET /apps/theming/theme/default.css?plain=1&v=59ce39ca HTTP/1.1" 200 1452 "https://cloud.bigprom.uz/login" "Mozilla/5.0 (iPhone; CPU iPhone OS 18_7_3 like Mac OS X) AppleWebKit/605.1.15 (KHTML, like Gecko) CriOS/143.0.7499.151 Mobile/15E148 Safari/604.1"
92.114.81.10 - - [21/Feb/2026:20:54:45 +0500] "GET /apps/side_menu/css/stylesheet?v=0 HTTP/1.1" 200 325 "-" "Mozilla/5.0 (iPhone; CPU iPhone OS 18_7_3 like Mac OS X) AppleWebKit/605.1.15 (KHTML, like Gecko) CriOS/143.0.7499.151 Mobile/15E148 Safari/604.1"
206.204.21.28 - - [21/Feb/2026:20:54:45 +0500] "GET /apps/theming/theme/light.css?plain=1&v=59ce39ca HTTP/1.1" 200 1452 "https://cloud.bigprom.uz/login" "Mozilla/5.0 (iPhone; CPU iPhone OS 18_7_3 like Mac OS X) AppleWebKit/605.1.15 (KHTML, like Gecko) CriOS/143.0.7499.151 Mobile/15E148 Safari/604.1"
213.188.90.171 - - [21/Feb/2026:20:54:45 +0500] "GET /apps/theming/theme/light.css?plain=0&v=59ce39ca HTTP/1.1" 200 1464 "https://cloud.bigprom.uz/login" "Mozilla/5.0 (iPhone; CPU iPhone OS 18_7_3 like Mac OS X) AppleWebKit/605.1.15 (KHTML, like Gecko) CriOS/143.0.7499.151 Mobile/15E148 Safari/604.1"
2.57.78.180 - - [21/Feb/2026:20:54:45 +0500] "GET /apps/theming/theme/light-highcontrast.css?plain=0&v=59ce39ca HTTP/1.1" 200 1489 "https://cloud.bigprom.uz/login" "Mozilla/5.0 (iPhone; CPU iPhone OS 18_7_3 like Mac OS X) AppleWebKit/605.1.15 (KHTML, like Gecko) CriOS/143.0.7499.151 Mobile/15E148 Safari/604.1"
92.114.81.10 - - [21/Feb/2026:20:54:45 +0500] "GET /apps/theming/theme/dark.css?plain=0&v=59ce39ca HTTP/1.1" 200 1490 "https://cloud.bigprom.uz/login" "Mozilla/5.0 (iPhone; CPU iPhone OS 18_7_3 like Mac OS X) AppleWebKit/605.1.15 (KHTML, like Gecko) CriOS/143.0.7499.151 Mobile/15E148 Safari/604.1"
213.188.90.171 - - [21/Feb/2026:20:54:45 +0500] "GET /apps/theming/theme/opendyslexic.css?plain=0&v=59ce39ca HTTP/1.1" 200 336 "https://cloud.bigprom.uz/login" "Mozilla/5.0 (iPhone; CPU iPhone OS 18_7_3 like Mac OS X) AppleWebKit/605.1.15 (KHTML, like Gecko) CriOS/143.0.7499.151 Mobile/15E148 Safari/604.1"
206.204.21.28 - - [21/Feb/2026:20:54:45 +0500] "GET /apps/theming/theme/dark-highcontrast.css?plain=0&v=59ce39ca HTTP/1.1" 200 1548 "https://cloud.bigprom.uz/login" "Mozilla/5.0 (iPhone; CPU iPhone OS 18_7_3 like Mac OS X) AppleWebKit/605.1.15 (KHTML, like Gecko) CriOS/143.0.7499.151 Mobile/15E148 Safari/604.1"
152.39.248.232 - - [21/Feb/2026:20:54:46 +0500] "GET /apps/theming/theme/dark.css?plain=1&v=59ce39ca HTTP/1.1" 200 1478 "https://cloud.bigprom.uz/login" "Mozilla/5.0 (iPhone; CPU iPhone OS 18_7_3 like Mac OS X) AppleWebKit/605.1.15 (KHTML, like Gecko) CriOS/143.0.7499.151 Mobile/15E148 Safari/604.1"
213.188.90.171 - - [21/Feb/2026:20:54:46 +0500] "GET /apps/theming/theme/light-highcontrast.css?plain=1&v=59ce39ca HTTP/1.1" 200 1473 "https://cloud.bigprom.uz/login" "Mozilla/5.0 (iPhone; CPU iPhone OS 18_7_3 like Mac OS X) AppleWebKit/605.1.15 (KHTML, like Gecko) CriOS/143.0.7499.151 Mobile/15E148 Safari/604.1"
203.109.53.54 - - [21/Feb/2026:20:54:46 +0500] "GET /apps/theming/theme/dark-highcontrast.css?plain=1&v=59ce39ca HTTP/1.1" 200 1532 "https://cloud.bigprom.uz/login" "Mozilla/5.0 (iPhone; CPU iPhone OS 18_7_3 like Mac OS X) AppleWebKit/605.1.15 (KHTML, like Gecko) CriOS/143.0.7499.151 Mobile/15E148 Safari/604.1"
2.57.78.180 - - [21/Feb/2026:20:54:47 +0500] "GET /apps/theming/favicon?v=59ce39ca HTTP/1.1" 200 4054 "https://cloud.bigprom.uz/login" "Mozilla/5.0 (iPhone; CPU iPhone OS 18_7_3 like Mac OS X) AppleWebKit/605.1.15 (KHTML, like Gecko) CriOS/143.0.7499.151 Mobile/15E148 Safari/604.1"
92.114.81.10 - - [21/Feb/2026:20:54:47 +0500] "GET /apps/side_menu/nav/items HTTP/1.1" 200 32 "https://cloud.bigprom.uz/login" "Mozilla/5.0 (iPhone; CPU iPhone OS 18_7_3 like Mac OS X) AppleWebKit/605.1.15 (KHTML, like Gecko) CriOS/143.0.7499.151 Mobile/15E148 Safari/604.1"
206.204.21.28 - - [21/Feb/2026:20:54:47 +0500] "GET /core/img/manifest.json HTTP/1.1" 200 209 "https://cloud.bigprom.uz/login" "Mozilla/5.0 (iPhone; CPU iPhone OS 18_7_3 like Mac OS X) AppleWebKit/605.1.15 (KHTML, like Gecko) CriOS/143.0.7499.151 Mobile/15E148 Safari/604.1"
92.114.81.10 - - [21/Feb/2026:20:54:47 +0500] "GET /apps/side_menu/js/config HTTP/1.1" 200 274 "https://cloud.bigprom.uz/login" "Mozilla/5.0 (iPhone; CPU iPhone OS 18_7_3 like Mac OS X) AppleWebKit/605.1.15 (KHTML, like Gecko) CriOS/143.0.7499.151 Mobile/15E148 Safari/604.1"
91.196.152.52 - - [21/Feb/2026:20:54:53 +0500] "GET /favicon.ico HTTP/1.1" 404 5167 "-" "Mozilla/5.0 (X11; Ubuntu; Linux x86_64; rv:134.0) Gecko/20100101 Firefox/134.0"
91.231.89.37 - - [21/Feb/2026:20:54:54 +0500] "GET /login HTTP/1.1" 200 17834 "-" "Mozilla/5.0 (X11; Ubuntu; Linux x86_64; rv:134.0) Gecko/20100101 Firefox/134.0"
91.196.152.52 - - [21/Feb/2026:20:54:55 +0500] "GET /login HTTP/1.1" 200 17834 "-" "Mozilla/5.0 (X11; Ubuntu; Linux x86_64; rv:134.0) Gecko/20100101 Firefox/134.0"
94.158.52.217 - - [21/Feb/2026:20:55:08 +0500] "GET /ocs/v2.php/apps/notifications/api/v2/notifications HTTP/1.1" 304 0 "-" "Mozilla/5.0 (Windows NT 10.0; Win64; x64; rv:148.0) Gecko/20100101 Firefox/148.0"
94.158.52.217 - - [21/Feb/2026:20:55:39 +0500] "GET /ocs/v2.php/apps/notifications/api/v2/notifications HTTP/1.1" 304 0 "-" "Mozilla/5.0 (Windows NT 10.0; Win64; x64; rv:148.0) Gecko/20100101 Firefox/148.0"
94.158.52.217 - - [21/Feb/2026:20:56:09 +0500] "GET /ocs/v2.php/apps/notifications/api/v2/notifications HTTP/1.1" 304 0 "-" "Mozilla/5.0 (Windows NT 10.0; Win64; x64; rv:148.0) Gecko/20100101 Firefox/148.0"
91.196.152.70 - - [21/Feb/2026:20:56:11 +0500] "GET / HTTP/1.1" 302 5 "-" "Mozilla/5.0 (X11; Ubuntu; Linux x86_64; rv:134.0) Gecko/20100101 Firefox/134.0"
94.158.52.217 - - [21/Feb/2026:20:56:39 +0500] "GET /ocs/v2.php/apps/notifications/api/v2/notifications HTTP/1.1" 304 0 "-" "Mozilla/5.0 (Windows NT 10.0; Win64; x64; rv:148.0) Gecko/20100101 Firefox/148.0"
94.158.52.217 - - [21/Feb/2026:20:57:09 +0500] "GET /ocs/v2.php/apps/notifications/api/v2/notifications HTTP/1.1" 304 0 "-" "Mozilla/5.0 (Windows NT 10.0; Win64; x64; rv:148.0) Gecko/20100101 Firefox/148.0"
91.231.89.124 - - [21/Feb/2026:20:57:14 +0500] "GET /login HTTP/1.1" 200 17834 "-" "Mozilla/5.0 (X11; Ubuntu; Linux x86_64; rv:134.0) Gecko/20100101 Firefox/134.0"
94.158.52.217 - - [21/Feb/2026:20:57:27 +0500] "GET /csrftoken HTTP/1.1" 200 122 "-" "Mozilla/5.0 (Windows NT 10.0; Win64; x64; rv:148.0) Gecko/20100101 Firefox/148.0"
94.158.52.217 - - [21/Feb/2026:20:57:39 +0500] "GET /ocs/v2.php/apps/notifications/api/v2/notifications HTTP/1.1" 304 0 "-" "Mozilla/5.0 (Windows NT 10.0; Win64; x64; rv:148.0) Gecko/20100101 Firefox/148.0"
94.158.52.217 - - [21/Feb/2026:20:58:09 +0500] "GET /ocs/v2.php/apps/notifications/api/v2/notifications HTTP/1.1" 304 0 "-" "Mozilla/5.0 (Windows NT 10.0; Win64; x64; rv:148.0) Gecko/20100101 Firefox/148.0"
91.196.152.73 - - [21/Feb/2026:20:58:28 +0500] "GET /login HTTP/1.1" 200 17834 "-" "Mozilla/5.0 (X11; Ubuntu; Linux x86_64; rv:134.0) Gecko/20100101 Firefox/134.0"
94.158.52.217 - - [21/Feb/2026:20:58:28 +0500] "PUT /ocs/v2.php/apps/user_status/api/v1/heartbeat?format=json HTTP/1.1" 200 157 "-" "Mozilla/5.0 (Windows NT 10.0; Win64; x64; rv:148.0) Gecko/20100101 Firefox/148.0"
94.158.52.217 - - [21/Feb/2026:20:58:39 +0500] "GET /ocs/v2.php/apps/notifications/api/v2/notifications HTTP/1.1" 304 0 "-" "Mozilla/5.0 (Windows NT 10.0; Win64; x64; rv:148.0) Gecko/20100101 Firefox/148.0"
94.158.52.217 - - [21/Feb/2026:20:59:10 +0500] "GET /ocs/v2.php/apps/notifications/api/v2/notifications HTTP/1.1" 304 0 "-" "Mozilla/5.0 (Windows NT 10.0; Win64; x64; rv:148.0) Gecko/20100101 Firefox/148.0"
94.158.52.217 - - [21/Feb/2026:20:59:10 +0500] "PUT /ocs/v2.php/apps/user_status/api/v1/heartbeat?format=json HTTP/1.1" 200 157 "-" "Mozilla/5.0 (Windows NT 10.0; Win64; x64; rv:148.0) Gecko/20100101 Firefox/148.0"
94.158.52.217 - - [21/Feb/2026:20:59:40 +0500] "GET /ocs/v2.php/apps/notifications/api/v2/notifications HTTP/1.1" 304 0 "-" "Mozilla/5.0 (Windows NT 10.0; Win64; x64; rv:148.0) Gecko/20100101 Firefox/148.0"
94.158.52.217 - - [21/Feb/2026:21:00:10 +0500] "GET /csrftoken HTTP/1.1" 200 123 "-" "Mozilla/5.0 (Windows NT 10.0; Win64; x64; rv:148.0) Gecko/20100101 Firefox/148.0"
94.158.52.217 - - [21/Feb/2026:21:00:11 +0500] "GET /ocs/v2.php/apps/notifications/api/v2/notifications HTTP/1.1" 304 0 "-" "Mozilla/5.0 (Windows NT 10.0; Win64; x64; rv:148.0) Gecko/20100101 Firefox/148.0"
94.158.52.217 - - [21/Feb/2026:21:00:41 +0500] "GET /ocs/v2.php/apps/notifications/api/v2/notifications HTTP/1.1" 304 0 "-" "Mozilla/5.0 (Windows NT 10.0; Win64; x64; rv:148.0) Gecko/20100101 Firefox/148.0"
94.158.52.217 - - [21/Feb/2026:21:01:11 +0500] "GET /ocs/v2.php/apps/notifications/api/v2/notifications HTTP/1.1" 304 0 "-" "Mozilla/5.0 (Windows NT 10.0; Win64; x64; rv:148.0) Gecko/20100101 Firefox/148.0"
94.158.52.217 - - [21/Feb/2026:21:01:41 +0500] "GET /ocs/v2.php/apps/notifications/api/v2/notifications HTTP/1.1" 304 0 "-" "Mozilla/5.0 (Windows NT 10.0; Win64; x64; rv:148.0) Gecko/20100101 Firefox/148.0"
94.158.52.217 - - [21/Feb/2026:21:02:11 +0500] "GET /ocs/v2.php/apps/notifications/api/v2/notifications HTTP/1.1" 304 0 "-" "Mozilla/5.0 (Windows NT 10.0; Win64; x64; rv:148.0) Gecko/20100101 Firefox/148.0"
94.158.52.217 - - [21/Feb/2026:21:02:41 +0500] "GET /ocs/v2.php/apps/notifications/api/v2/notifications HTTP/1.1" 304 0 "-" "Mozilla/5.0 (Windows NT 10.0; Win64; x64; rv:148.0) Gecko/20100101 Firefox/148.0"
94.158.52.217 - - [21/Feb/2026:21:03:11 +0500] "GET /ocs/v2.php/apps/notifications/api/v2/notifications HTTP/1.1" 304 0 "-" "Mozilla/5.0 (Windows NT 10.0; Win64; x64; rv:148.0) Gecko/20100101 Firefox/148.0"
94.158.52.217 - - [21/Feb/2026:21:03:28 +0500] "PUT /ocs/v2.php/apps/user_status/api/v1/heartbeat?format=json HTTP/1.1" 200 157 "-" "Mozilla/5.0 (Windows NT 10.0; Win64; x64; rv:148.0) Gecko/20100101 Firefox/148.0"
94.158.52.217 - - [21/Feb/2026:21:03:41 +0500] "GET /ocs/v2.php/apps/notifications/api/v2/notifications HTTP/1.1" 304 0 "-" "Mozilla/5.0 (Windows NT 10.0; Win64; x64; rv:148.0) Gecko/20100101 Firefox/148.0"
91.196.152.231 - - [21/Feb/2026:21:03:56 +0500] "GET /login HTTP/1.1" 200 17834 "-" "Mozilla/5.0 (X11; Ubuntu; Linux x86_64; rv:134.0) Gecko/20100101 Firefox/134.0"
94.158.52.217 - - [21/Feb/2026:21:04:11 +0500] "PUT /ocs/v2.php/apps/user_status/api/v1/heartbeat?format=json HTTP/1.1" 200 157 "-" "Mozilla/5.0 (Windows NT 10.0; Win64; x64; rv:148.0) Gecko/20100101 Firefox/148.0"
94.158.52.217 - - [21/Feb/2026:21:04:11 +0500] "GET /ocs/v2.php/apps/notifications/api/v2/notifications HTTP/1.1" 304 0 "-" "Mozilla/5.0 (Windows NT 10.0; Win64; x64; rv:148.0) Gecko/20100101 Firefox/148.0"
91.231.89.101 - - [21/Feb/2026:21:04:30 +0500] "GET /apps/theming/icon?v=59ce39ca HTTP/1.1" 200 15646 "-" "Mozilla/5.0 (X11; Ubuntu; Linux x86_64; rv:134.0) Gecko/20100101 Firefox/134.0"
94.158.52.217 - - [21/Feb/2026:21:04:42 +0500] "GET /ocs/v2.php/apps/notifications/api/v2/notifications HTTP/1.1" 304 0 "-" "Mozilla/5.0 (Windows NT 10.0; Win64; x64; rv:148.0) Gecko/20100101 Firefox/148.0"
94.158.52.217 - - [21/Feb/2026:21:05:11 +0500] "GET /ocs/v2.php/apps/notifications/api/v2/notifications HTTP/1.1" 304 0 "-" "Mozilla/5.0 (Windows NT 10.0; Win64; x64; rv:148.0) Gecko/20100101 Firefox/148.0"
94.158.52.217 - - [21/Feb/2026:21:05:48 +0500] "GET /ocs/v2.php/apps/notifications/api/v2/notifications HTTP/1.1" 304 0 "-" "Mozilla/5.0 (Windows NT 10.0; Win64; x64; rv:148.0) Gecko/20100101 Firefox/148.0"
35.240.154.107 - - [21/Feb/2026:21:05:59 +0500] "GET / HTTP/1.1" 302 5 "-" "Mozilla/5.0 (compatible; Googlebot/2.1; +http://www.google.com/bot.html)"
91.231.89.35 - - [21/Feb/2026:21:05:59 +0500] "GET /login HTTP/1.1" 200 17834 "-" "Mozilla/5.0 (X11; Ubuntu; Linux x86_64; rv:134.0) Gecko/20100101 Firefox/134.0"
35.240.154.107 - - [21/Feb/2026:21:05:59 +0500] "GET /login HTTP/1.1" 200 7620 "-" "Mozilla/5.0 (compatible; Googlebot/2.1; +http://www.google.com/bot.html)"
35.240.154.107 - - [21/Feb/2026:21:06:01 +0500] "GET /wordpress/ HTTP/1.1" 404 2044 "-" "Mozilla/5.0 (X11; Linux x86_64) Firefox/117.0"
94.158.52.217 - - [21/Feb/2026:21:06:18 +0500] "GET /ocs/v2.php/apps/notifications/api/v2/notifications HTTP/1.1" 304 0 "-" "Mozilla/5.0 (Windows NT 10.0; Win64; x64; rv:148.0) Gecko/20100101 Firefox/148.0"
94.158.52.217 - - [21/Feb/2026:21:06:48 +0500] "GET /ocs/v2.php/apps/notifications/api/v2/notifications HTTP/1.1" 304 0 "-" "Mozilla/5.0 (Windows NT 10.0; Win64; x64; rv:148.0) Gecko/20100101 Firefox/148.0"
94.158.52.217 - - [21/Feb/2026:21:07:18 +0500] "GET /ocs/v2.php/apps/notifications/api/v2/notifications HTTP/1.1" 304 0 "-" "Mozilla/5.0 (Windows NT 10.0; Win64; x64; rv:148.0) Gecko/20100101 Firefox/148.0"
94.158.52.217 - - [21/Feb/2026:21:07:48 +0500] "GET /ocs/v2.php/apps/notifications/api/v2/notifications HTTP/1.1" 304 0 "-" "Mozilla/5.0 (Windows NT 10.0; Win64; x64; rv:148.0) Gecko/20100101 Firefox/148.0"
91.196.152.158 - - [21/Feb/2026:21:08:15 +0500] "GET /apps/theming/favicon HTTP/1.1" 200 90022 "-" "Mozilla/5.0 (X11; Ubuntu; Linux x86_64; rv:134.0) Gecko/20100101 Firefox/134.0"
94.158.52.217 - - [21/Feb/2026:21:08:18 +0500] "GET /ocs/v2.php/apps/notifications/api/v2/notifications HTTP/1.1" 304 0 "-" "Mozilla/5.0 (Windows NT 10.0; Win64; x64; rv:148.0) Gecko/20100101 Firefox/148.0"
91.231.89.36 - - [21/Feb/2026:21:08:21 +0500] "GET / HTTP/1.1" 302 5 "-" "Mozilla/5.0 (X11; Ubuntu; Linux x86_64; rv:134.0) Gecko/20100101 Firefox/134.0"
94.158.52.217 - - [21/Feb/2026:21:08:48 +0500] "GET /ocs/v2.php/apps/notifications/api/v2/notifications HTTP/1.1" 304 0 "-" "Mozilla/5.0 (Windows NT 10.0; Win64; x64; rv:148.0) Gecko/20100101 Firefox/148.0"
91.231.89.39 - - [21/Feb/2026:21:08:49 +0500] "GET /apps/theming/icon?v=59ce39ca HTTP/1.1" 200 15646 "-" "Mozilla/5.0 (X11; Ubuntu; Linux x86_64; rv:134.0) Gecko/20100101 Firefox/134.0"
167.172.134.198 - - [21/Feb/2026:21:09:07 +0500] "GET /.git/config HTTP/1.1" 404 178 "https://www.facebook.com/" "Mozilla/5.0 (X11; Linux x86_64) AppleWebKit/537.36 (KHTML, like Gecko) Chrome/131.0.0.0 Safari/537.36"
94.158.52.217 - - [21/Feb/2026:21:09:11 +0500] "PUT /ocs/v2.php/apps/user_status/api/v1/heartbeat?format=json HTTP/1.1" 200 157 "-" "Mozilla/5.0 (Windows NT 10.0; Win64; x64; rv:148.0) Gecko/20100101 Firefox/148.0"
94.158.52.217 - - [21/Feb/2026:21:09:18 +0500] "GET /ocs/v2.php/apps/notifications/api/v2/notifications HTTP/1.1" 304 0 "-" "Mozilla/5.0 (Windows NT 10.0; Win64; x64; rv:148.0) Gecko/20100101 Firefox/148.0"
94.158.52.217 - - [21/Feb/2026:21:09:48 +0500] "GET /ocs/v2.php/apps/notifications/api/v2/notifications HTTP/1.1" 304 0 "-" "Mozilla/5.0 (Windows NT 10.0; Win64; x64; rv:148.0) Gecko/20100101 Firefox/148.0"
94.158.52.217 - - [21/Feb/2026:21:10:18 +0500] "GET /ocs/v2.php/apps/notifications/api/v2/notifications HTTP/1.1" 304 0 "-" "Mozilla/5.0 (Windows NT 10.0; Win64; x64; rv:148.0) Gecko/20100101 Firefox/148.0"
94.158.52.217 - - [21/Feb/2026:21:10:48 +0500] "GET /ocs/v2.php/apps/notifications/api/v2/notifications HTTP/1.1" 304 0 "-" "Mozilla/5.0 (Windows NT 10.0; Win64; x64; rv:148.0) Gecko/20100101 Firefox/148.0"
91.196.152.161 - - [21/Feb/2026:21:10:48 +0500] "GET /apps/theming/favicon HTTP/1.1" 200 90022 "-" "Mozilla/5.0 (X11; Ubuntu; Linux x86_64; rv:134.0) Gecko/20100101 Firefox/134.0"
94.158.52.217 - - [21/Feb/2026:21:11:18 +0500] "GET /ocs/v2.php/apps/notifications/api/v2/notifications HTTP/1.1" 304 0 "-" "Mozilla/5.0 (Windows NT 10.0; Win64; x64; rv:148.0) Gecko/20100101 Firefox/148.0"
94.158.52.217 - - [21/Feb/2026:21:11:49 +0500] "GET /ocs/v2.php/apps/notifications/api/v2/notifications HTTP/1.1" 304 0 "-" "Mozilla/5.0 (Windows NT 10.0; Win64; x64; rv:148.0) Gecko/20100101 Firefox/148.0"
91.196.152.227 - - [21/Feb/2026:21:11:54 +0500] "GET /apps/theming/favicon HTTP/1.1" 200 90022 "-" "Mozilla/5.0 (X11; Ubuntu; Linux x86_64; rv:134.0) Gecko/20100101 Firefox/134.0"
94.158.52.217 - - [21/Feb/2026:21:12:10 +0500] "GET /csrftoken HTTP/1.1" 200 123 "-" "Mozilla/5.0 (Windows NT 10.0; Win64; x64; rv:148.0) Gecko/20100101 Firefox/148.0"
94.158.52.217 - - [21/Feb/2026:21:12:18 +0500] "GET /ocs/v2.php/apps/notifications/api/v2/notifications HTTP/1.1" 304 0 "-" "Mozilla/5.0 (Windows NT 10.0; Win64; x64; rv:148.0) Gecko/20100101 Firefox/148.0"
94.158.52.217 - - [21/Feb/2026:21:12:48 +0500] "GET /ocs/v2.php/apps/notifications/api/v2/notifications HTTP/1.1" 304 0 "-" "Mozilla/5.0 (Windows NT 10.0; Win64; x64; rv:148.0) Gecko/20100101 Firefox/148.0"
94.158.52.217 - - [21/Feb/2026:21:13:18 +0500] "GET /ocs/v2.php/apps/notifications/api/v2/notifications HTTP/1.1" 304 0 "-" "Mozilla/5.0 (Windows NT 10.0; Win64; x64; rv:148.0) Gecko/20100101 Firefox/148.0"
94.158.52.217 - - [21/Feb/2026:21:13:48 +0500] "GET /ocs/v2.php/apps/notifications/api/v2/notifications HTTP/1.1" 304 0 "-" "Mozilla/5.0 (Windows NT 10.0; Win64; x64; rv:148.0) Gecko/20100101 Firefox/148.0"
94.158.52.217 - - [21/Feb/2026:21:14:11 +0500] "PUT /ocs/v2.php/apps/user_status/api/v1/heartbeat?format=json HTTP/1.1" 200 157 "-" "Mozilla/5.0 (Windows NT 10.0; Win64; x64; rv:148.0) Gecko/20100101 Firefox/148.0"
94.158.52.217 - - [21/Feb/2026:21:14:18 +0500] "GET /ocs/v2.php/apps/notifications/api/v2/notifications HTTP/1.1" 304 0 "-" "Mozilla/5.0 (Windows NT 10.0; Win64; x64; rv:148.0) Gecko/20100101 Firefox/148.0"
94.158.52.217 - - [21/Feb/2026:21:14:48 +0500] "GET /ocs/v2.php/apps/notifications/api/v2/notifications HTTP/1.1" 304 0 "-" "Mozilla/5.0 (Windows NT 10.0; Win64; x64; rv:148.0) Gecko/20100101 Firefox/148.0"
94.158.52.217 - - [21/Feb/2026:21:15:18 +0500] "GET /ocs/v2.php/apps/notifications/api/v2/notifications HTTP/1.1" 304 0 "-" "Mozilla/5.0 (Windows NT 10.0; Win64; x64; rv:148.0) Gecko/20100101 Firefox/148.0"
91.196.152.228 - - [21/Feb/2026:21:15:35 +0500] "GET /login HTTP/1.1" 200 17834 "-" "Mozilla/5.0 (X11; Ubuntu; Linux x86_64; rv:134.0) Gecko/20100101 Firefox/134.0"
94.158.52.217 - - [21/Feb/2026:21:15:49 +0500] "GET /ocs/v2.php/apps/notifications/api/v2/notifications HTTP/1.1" 304 0 "-" "Mozilla/5.0 (Windows NT 10.0; Win64; x64; rv:148.0) Gecko/20100101 Firefox/148.0"
94.158.52.217 - - [21/Feb/2026:21:16:18 +0500] "GET /ocs/v2.php/apps/notifications/api/v2/notifications HTTP/1.1" 304 0 "-" "Mozilla/5.0 (Windows NT 10.0; Win64; x64; rv:148.0) Gecko/20100101 Firefox/148.0"
91.196.152.159 - - [21/Feb/2026:21:16:20 +0500] "GET /favicon.ico HTTP/1.1" 404 5167 "-" "Mozilla/5.0 (X11; Ubuntu; Linux x86_64; rv:134.0) Gecko/20100101 Firefox/134.0"
94.158.52.217 - - [21/Feb/2026:21:16:48 +0500] "GET /ocs/v2.php/apps/notifications/api/v2/notifications HTTP/1.1" 304 0 "-" "Mozilla/5.0 (Windows NT 10.0; Win64; x64; rv:148.0) Gecko/20100101 Firefox/148.0"
94.158.52.217 - - [21/Feb/2026:21:17:18 +0500] "GET /ocs/v2.php/apps/notifications/api/v2/notifications HTTP/1.1" 304 0 "-" "Mozilla/5.0 (Windows NT 10.0; Win64; x64; rv:148.0) Gecko/20100101 Firefox/148.0"
94.158.52.217 - - [21/Feb/2026:21:17:48 +0500] "GET /ocs/v2.php/apps/notifications/api/v2/notifications HTTP/1.1" 304 0 "-" "Mozilla/5.0 (Windows NT 10.0; Win64; x64; rv:148.0) Gecko/20100101 Firefox/148.0"
94.158.52.217 - - [21/Feb/2026:21:18:18 +0500] "GET /ocs/v2.php/apps/notifications/api/v2/notifications HTTP/1.1" 304 0 "-" "Mozilla/5.0 (Windows NT 10.0; Win64; x64; rv:148.0) Gecko/20100101 Firefox/148.0"
94.158.52.217 - - [21/Feb/2026:21:18:49 +0500] "GET /ocs/v2.php/apps/notifications/api/v2/notifications HTTP/1.1" 304 0 "-" "Mozilla/5.0 (Windows NT 10.0; Win64; x64; rv:148.0) Gecko/20100101 Firefox/148.0"
94.158.52.217 - - [21/Feb/2026:21:19:11 +0500] "PUT /ocs/v2.php/apps/user_status/api/v1/heartbeat?format=json HTTP/1.1" 200 157 "-" "Mozilla/5.0 (Windows NT 10.0; Win64; x64; rv:148.0) Gecko/20100101 Firefox/148.0"
94.158.52.217 - - [21/Feb/2026:21:19:19 +0500] "GET /ocs/v2.php/apps/notifications/api/v2/notifications HTTP/1.1" 304 0 "-" "Mozilla/5.0 (Windows NT 10.0; Win64; x64; rv:148.0) Gecko/20100101 Firefox/148.0"
94.158.52.217 - - [21/Feb/2026:21:19:49 +0500] "GET /ocs/v2.php/apps/notifications/api/v2/notifications HTTP/1.1" 304 0 "-" "Mozilla/5.0 (Windows NT 10.0; Win64; x64; rv:148.0) Gecko/20100101 Firefox/148.0"
94.158.52.217 - - [21/Feb/2026:21:20:19 +0500] "GET /ocs/v2.php/apps/notifications/api/v2/notifications HTTP/1.1" 304 0 "-" "Mozilla/5.0 (Windows NT 10.0; Win64; x64; rv:148.0) Gecko/20100101 Firefox/148.0"
94.158.52.217 - - [21/Feb/2026:21:20:49 +0500] "GET /ocs/v2.php/apps/notifications/api/v2/notifications HTTP/1.1" 304 0 "-" "Mozilla/5.0 (Windows NT 10.0; Win64; x64; rv:148.0) Gecko/20100101 Firefox/148.0"
94.158.52.217 - - [21/Feb/2026:21:21:19 +0500] "GET /ocs/v2.php/apps/notifications/api/v2/notifications HTTP/1.1" 304 0 "-" "Mozilla/5.0 (Windows NT 10.0; Win64; x64; rv:148.0) Gecko/20100101 Firefox/148.0"
94.158.52.217 - - [21/Feb/2026:21:21:49 +0500] "GET /ocs/v2.php/apps/notifications/api/v2/notifications HTTP/1.1" 304 0 "-" "Mozilla/5.0 (Windows NT 10.0; Win64; x64; rv:148.0) Gecko/20100101 Firefox/148.0"
94.158.52.217 - - [21/Feb/2026:21:22:19 +0500] "GET /ocs/v2.php/apps/notifications/api/v2/notifications HTTP/1.1" 304 0 "-" "Mozilla/5.0 (Windows NT 10.0; Win64; x64; rv:148.0) Gecko/20100101 Firefox/148.0"
94.158.52.217 - - [21/Feb/2026:21:22:49 +0500] "GET /ocs/v2.php/apps/notifications/api/v2/notifications HTTP/1.1" 304 0 "-" "Mozilla/5.0 (Windows NT 10.0; Win64; x64; rv:148.0) Gecko/20100101 Firefox/148.0"
91.196.152.46 - - [21/Feb/2026:21:23:02 +0500] "GET /apps/theming/favicon HTTP/1.1" 200 90022 "-" "Mozilla/5.0 (X11; Ubuntu; Linux x86_64; rv:134.0) Gecko/20100101 Firefox/134.0"
94.158.52.217 - - [21/Feb/2026:21:23:19 +0500] "GET /ocs/v2.php/apps/notifications/api/v2/notifications HTTP/1.1" 304 0 "-" "Mozilla/5.0 (Windows NT 10.0; Win64; x64; rv:148.0) Gecko/20100101 Firefox/148.0"
94.158.52.217 - - [21/Feb/2026:21:23:49 +0500] "GET /ocs/v2.php/apps/notifications/api/v2/notifications HTTP/1.1" 304 0 "-" "Mozilla/5.0 (Windows NT 10.0; Win64; x64; rv:148.0) Gecko/20100101 Firefox/148.0"
94.158.52.217 - - [21/Feb/2026:21:24:10 +0500] "GET /csrftoken HTTP/1.1" 200 122 "-" "Mozilla/5.0 (Windows NT 10.0; Win64; x64; rv:148.0) Gecko/20100101 Firefox/148.0"
94.158.52.217 - - [21/Feb/2026:21:24:11 +0500] "PUT /ocs/v2.php/apps/user_status/api/v1/heartbeat?format=json HTTP/1.1" 200 157 "-" "Mozilla/5.0 (Windows NT 10.0; Win64; x64; rv:148.0) Gecko/20100101 Firefox/148.0"
94.158.52.217 - - [21/Feb/2026:21:24:19 +0500] "GET /ocs/v2.php/apps/notifications/api/v2/notifications HTTP/1.1" 304 0 "-" "Mozilla/5.0 (Windows NT 10.0; Win64; x64; rv:148.0) Gecko/20100101 Firefox/148.0"
94.158.52.217 - - [21/Feb/2026:21:24:49 +0500] "GET /ocs/v2.php/apps/notifications/api/v2/notifications HTTP/1.1" 304 0 "-" "Mozilla/5.0 (Windows NT 10.0; Win64; x64; rv:148.0) Gecko/20100101 Firefox/148.0"
94.158.52.217 - - [21/Feb/2026:21:25:19 +0500] "GET /ocs/v2.php/apps/notifications/api/v2/notifications HTTP/1.1" 304 0 "-" "Mozilla/5.0 (Windows NT 10.0; Win64; x64; rv:148.0) Gecko/20100101 Firefox/148.0"
94.158.52.217 - - [21/Feb/2026:21:25:49 +0500] "GET /ocs/v2.php/apps/notifications/api/v2/notifications HTTP/1.1" 304 0 "-" "Mozilla/5.0 (Windows NT 10.0; Win64; x64; rv:148.0) Gecko/20100101 Firefox/148.0"
